{"id":1881,"date":"2023-02-22T08:09:44","date_gmt":"2023-02-22T08:09:44","guid":{"rendered":"http:\/\/amareve.fr\/?post_type=tribe_events&#038;p=1881"},"modified":"2023-02-22T08:09:44","modified_gmt":"2023-02-22T08:09:44","slug":"la-terre-qui-ne-voulait-plus-tourner-francoise-du-chaxel-3","status":"publish","type":"tribe_events","link":"http:\/\/amareve.fr\/en_en\/event\/la-terre-qui-ne-voulait-plus-tourner-francoise-du-chaxel-3\/","title":{"rendered":"La terre qui ne voulait plus tourner, Fran\u00e7oise du Chaxel"},"content":{"rendered":"<p>Dans le cadre du RT5 (Rencontres Th\u00e9\u00e2trales 5) <br \/> <br \/>\nAvec les \u00e9l\u00e8ves de CE2-CM2 du groupe scolaire de Saint-Amand-en-Puisaye<br \/>\nPour les \u00e9l\u00e8ves des \u00e9coles d&#8217;Entrains-sur-Nohain et Donzy<br \/>\nCh\u00e2teau de Saint-Amand-en-Puisaye<\/p>","protected":false},"excerpt":{"rendered":"<p>Dans le cadre du RT5 (Rencontres Th\u00e9\u00e2trales 5) Avec les \u00e9l\u00e8ves de CE2-CM2 du groupe scolaire de Saint-Amand-en-Puisaye Pour les \u00e9l\u00e8ves des \u00e9coles d&#8217;Entrains-sur-Nohain et Donzy Ch\u00e2teau de Saint-Amand-en-Puisaye<\/p>","protected":false},"author":1,"featured_media":1701,"template":"","meta":{"_tribe_events_status":"","_tribe_events_status_reason":"","footnotes":""},"tags":[],"tribe_events_cat":[53],"class_list":["post-1881","tribe_events","type-tribe_events","status-publish","has-post-thumbnail","hentry","tribe_events_cat-eac","cat_eac"],"yoast_head":"<!-- This site is optimized with the Yoast SEO plugin v27.5 - https:\/\/yoast.com\/product\/yoast-seo-wordpress\/ -->\n<title>La terre qui ne voulait plus tourner, Fran\u00e7oise du Chaxel - Compagnie Amar\u00eave<\/title>\n<meta name=\"robots\" content=\"index, follow, max-snippet:-1, max-image-preview:large, max-video-preview:-1\" \/>\n<link rel=\"canonical\" href=\"https:\/\/amareve.fr\/en_en\/event\/la-terre-qui-ne-voulait-plus-tourner-francoise-du-chaxel-3\/\" \/>\n<meta property=\"og:locale\" content=\"en_US\" \/>\n<meta property=\"og:type\" content=\"article\" \/>\n<meta property=\"og:title\" content=\"La terre qui ne voulait plus tourner, Fran\u00e7oise du Chaxel - Compagnie Amar\u00eave\" \/>\n<meta property=\"og:description\" content=\"Dans le cadre du RT5 (Rencontres Th\u00e9\u00e2trales 5) Avec les \u00e9l\u00e8ves de CE2-CM2 du groupe scolaire de Saint-Amand-en-Puisaye Pour les \u00e9l\u00e8ves des \u00e9coles d&#8217;Entrains-sur-Nohain et Donzy Ch\u00e2teau de Saint-Amand-en-Puisaye\" \/>\n<meta property=\"og:url\" content=\"https:\/\/amareve.fr\/en_en\/event\/la-terre-qui-ne-voulait-plus-tourner-francoise-du-chaxel-3\/\" \/>\n<meta property=\"og:site_name\" content=\"Compagnie Amar\u00eave\" \/>\n<meta property=\"article:publisher\" content=\"https:\/\/www.facebook.com\/CompagnieAmareve\/\" \/>\n<meta property=\"og:image\" content=\"https:\/\/amareve.fr\/wp-content\/uploads\/2023\/02\/Invitation_StAmand-scaled.jpg\" \/>\n\t<meta property=\"og:image:width\" content=\"1825\" \/>\n\t<meta property=\"og:image:height\" content=\"2560\" \/>\n\t<meta property=\"og:image:type\" content=\"image\/jpeg\" \/>\n<meta name=\"twitter:card\" content=\"summary_large_image\" \/>\n<meta name=\"twitter:label1\" content=\"Est. reading time\" \/>\n\t<meta name=\"twitter:data1\" content=\"1 minute\" \/>\n<script type=\"application\/ld+json\" class=\"yoast-schema-graph\">{\"@context\":\"https:\\\/\\\/schema.org\",\"@graph\":[{\"@type\":\"WebPage\",\"@id\":\"https:\\\/\\\/amareve.fr\\\/event\\\/la-terre-qui-ne-voulait-plus-tourner-francoise-du-chaxel-3\\\/\",\"url\":\"https:\\\/\\\/amareve.fr\\\/event\\\/la-terre-qui-ne-voulait-plus-tourner-francoise-du-chaxel-3\\\/\",\"name\":\"La terre qui ne voulait plus tourner, Fran\u00e7oise du Chaxel - Compagnie Amar\u00eave\",\"isPartOf\":{\"@id\":\"http:\\\/\\\/amareve.fr\\\/#website\"},\"primaryImageOfPage\":{\"@id\":\"https:\\\/\\\/amareve.fr\\\/event\\\/la-terre-qui-ne-voulait-plus-tourner-francoise-du-chaxel-3\\\/#primaryimage\"},\"image\":{\"@id\":\"https:\\\/\\\/amareve.fr\\\/event\\\/la-terre-qui-ne-voulait-plus-tourner-francoise-du-chaxel-3\\\/#primaryimage\"},\"thumbnailUrl\":\"http:\\\/\\\/amareve.fr\\\/wp-content\\\/uploads\\\/2023\\\/02\\\/Invitation_StAmand-scaled.jpg\",\"datePublished\":\"2023-02-22T08:09:44+00:00\",\"breadcrumb\":{\"@id\":\"https:\\\/\\\/amareve.fr\\\/event\\\/la-terre-qui-ne-voulait-plus-tourner-francoise-du-chaxel-3\\\/#breadcrumb\"},\"inLanguage\":\"en-US\",\"potentialAction\":[{\"@type\":\"ReadAction\",\"target\":[\"https:\\\/\\\/amareve.fr\\\/event\\\/la-terre-qui-ne-voulait-plus-tourner-francoise-du-chaxel-3\\\/\"]}]},{\"@type\":\"ImageObject\",\"inLanguage\":\"en-US\",\"@id\":\"https:\\\/\\\/amareve.fr\\\/event\\\/la-terre-qui-ne-voulait-plus-tourner-francoise-du-chaxel-3\\\/#primaryimage\",\"url\":\"http:\\\/\\\/amareve.fr\\\/wp-content\\\/uploads\\\/2023\\\/02\\\/Invitation_StAmand-scaled.jpg\",\"contentUrl\":\"http:\\\/\\\/amareve.fr\\\/wp-content\\\/uploads\\\/2023\\\/02\\\/Invitation_StAmand-scaled.jpg\",\"width\":1825,\"height\":2560},{\"@type\":\"BreadcrumbList\",\"@id\":\"https:\\\/\\\/amareve.fr\\\/event\\\/la-terre-qui-ne-voulait-plus-tourner-francoise-du-chaxel-3\\\/#breadcrumb\",\"itemListElement\":[{\"@type\":\"ListItem\",\"position\":1,\"name\":\"Accueil\",\"item\":\"http:\\\/\\\/amareve.fr\\\/\"},{\"@type\":\"ListItem\",\"position\":2,\"name\":\"\u00c9v\u00e8nements\",\"item\":\"http:\\\/\\\/amareve.fr\\\/events\\\/\"},{\"@type\":\"ListItem\",\"position\":3,\"name\":\"La terre qui ne voulait plus tourner, Fran\u00e7oise du Chaxel\"}]},{\"@type\":\"WebSite\",\"@id\":\"http:\\\/\\\/amareve.fr\\\/#website\",\"url\":\"http:\\\/\\\/amareve.fr\\\/\",\"name\":\"Amareve\",\"description\":\"\",\"publisher\":{\"@id\":\"http:\\\/\\\/amareve.fr\\\/#organization\"},\"potentialAction\":[{\"@type\":\"SearchAction\",\"target\":{\"@type\":\"EntryPoint\",\"urlTemplate\":\"http:\\\/\\\/amareve.fr\\\/?s={search_term_string}\"},\"query-input\":{\"@type\":\"PropertyValueSpecification\",\"valueRequired\":true,\"valueName\":\"search_term_string\"}}],\"inLanguage\":\"en-US\"},{\"@type\":\"Organization\",\"@id\":\"http:\\\/\\\/amareve.fr\\\/#organization\",\"name\":\"Compagnie Amareve\",\"url\":\"http:\\\/\\\/amareve.fr\\\/\",\"logo\":{\"@type\":\"ImageObject\",\"inLanguage\":\"en-US\",\"@id\":\"http:\\\/\\\/amareve.fr\\\/#\\\/schema\\\/logo\\\/image\\\/\",\"url\":\"http:\\\/\\\/amareve.fr\\\/wp-content\\\/uploads\\\/2019\\\/04\\\/AMAREVE-LOGO.jpg\",\"contentUrl\":\"http:\\\/\\\/amareve.fr\\\/wp-content\\\/uploads\\\/2019\\\/04\\\/AMAREVE-LOGO.jpg\",\"width\":404,\"height\":367,\"caption\":\"Compagnie Amareve\"},\"image\":{\"@id\":\"http:\\\/\\\/amareve.fr\\\/#\\\/schema\\\/logo\\\/image\\\/\"},\"sameAs\":[\"https:\\\/\\\/www.facebook.com\\\/CompagnieAmareve\\\/\"]}]}<\/script>\n<!-- \/ Yoast SEO plugin. -->","yoast_head_json":{"title":"La terre qui ne voulait plus tourner, Fran\u00e7oise du Chaxel - Compagnie Amar\u00eave","robots":{"index":"index","follow":"follow","max-snippet":"max-snippet:-1","max-image-preview":"max-image-preview:large","max-video-preview":"max-video-preview:-1"},"canonical":"https:\/\/amareve.fr\/en_en\/event\/la-terre-qui-ne-voulait-plus-tourner-francoise-du-chaxel-3\/","og_locale":"en_US","og_type":"article","og_title":"La terre qui ne voulait plus tourner, Fran\u00e7oise du Chaxel - Compagnie Amar\u00eave","og_description":"Dans le cadre du RT5 (Rencontres Th\u00e9\u00e2trales 5) Avec les \u00e9l\u00e8ves de CE2-CM2 du groupe scolaire de Saint-Amand-en-Puisaye Pour les \u00e9l\u00e8ves des \u00e9coles d&#8217;Entrains-sur-Nohain et Donzy Ch\u00e2teau de Saint-Amand-en-Puisaye","og_url":"https:\/\/amareve.fr\/en_en\/event\/la-terre-qui-ne-voulait-plus-tourner-francoise-du-chaxel-3\/","og_site_name":"Compagnie Amar\u00eave","article_publisher":"https:\/\/www.facebook.com\/CompagnieAmareve\/","og_image":[{"width":1825,"height":2560,"url":"https:\/\/amareve.fr\/wp-content\/uploads\/2023\/02\/Invitation_StAmand-scaled.jpg","type":"image\/jpeg"}],"twitter_card":"summary_large_image","twitter_misc":{"Est. reading time":"1 minute"},"schema":{"@context":"https:\/\/schema.org","@graph":[{"@type":"WebPage","@id":"https:\/\/amareve.fr\/event\/la-terre-qui-ne-voulait-plus-tourner-francoise-du-chaxel-3\/","url":"https:\/\/amareve.fr\/event\/la-terre-qui-ne-voulait-plus-tourner-francoise-du-chaxel-3\/","name":"La terre qui ne voulait plus tourner, Fran\u00e7oise du Chaxel - Compagnie Amar\u00eave","isPartOf":{"@id":"http:\/\/amareve.fr\/#website"},"primaryImageOfPage":{"@id":"https:\/\/amareve.fr\/event\/la-terre-qui-ne-voulait-plus-tourner-francoise-du-chaxel-3\/#primaryimage"},"image":{"@id":"https:\/\/amareve.fr\/event\/la-terre-qui-ne-voulait-plus-tourner-francoise-du-chaxel-3\/#primaryimage"},"thumbnailUrl":"http:\/\/amareve.fr\/wp-content\/uploads\/2023\/02\/Invitation_StAmand-scaled.jpg","datePublished":"2023-02-22T08:09:44+00:00","breadcrumb":{"@id":"https:\/\/amareve.fr\/event\/la-terre-qui-ne-voulait-plus-tourner-francoise-du-chaxel-3\/#breadcrumb"},"inLanguage":"en-US","potentialAction":[{"@type":"ReadAction","target":["https:\/\/amareve.fr\/event\/la-terre-qui-ne-voulait-plus-tourner-francoise-du-chaxel-3\/"]}]},{"@type":"ImageObject","inLanguage":"en-US","@id":"https:\/\/amareve.fr\/event\/la-terre-qui-ne-voulait-plus-tourner-francoise-du-chaxel-3\/#primaryimage","url":"http:\/\/amareve.fr\/wp-content\/uploads\/2023\/02\/Invitation_StAmand-scaled.jpg","contentUrl":"http:\/\/amareve.fr\/wp-content\/uploads\/2023\/02\/Invitation_StAmand-scaled.jpg","width":1825,"height":2560},{"@type":"BreadcrumbList","@id":"https:\/\/amareve.fr\/event\/la-terre-qui-ne-voulait-plus-tourner-francoise-du-chaxel-3\/#breadcrumb","itemListElement":[{"@type":"ListItem","position":1,"name":"Accueil","item":"http:\/\/amareve.fr\/"},{"@type":"ListItem","position":2,"name":"\u00c9v\u00e8nements","item":"http:\/\/amareve.fr\/events\/"},{"@type":"ListItem","position":3,"name":"La terre qui ne voulait plus tourner, Fran\u00e7oise du Chaxel"}]},{"@type":"WebSite","@id":"http:\/\/amareve.fr\/#website","url":"http:\/\/amareve.fr\/","name":"Amareve","description":"","publisher":{"@id":"http:\/\/amareve.fr\/#organization"},"potentialAction":[{"@type":"SearchAction","target":{"@type":"EntryPoint","urlTemplate":"http:\/\/amareve.fr\/?s={search_term_string}"},"query-input":{"@type":"PropertyValueSpecification","valueRequired":true,"valueName":"search_term_string"}}],"inLanguage":"en-US"},{"@type":"Organization","@id":"http:\/\/amareve.fr\/#organization","name":"Compagnie Amareve","url":"http:\/\/amareve.fr\/","logo":{"@type":"ImageObject","inLanguage":"en-US","@id":"http:\/\/amareve.fr\/#\/schema\/logo\/image\/","url":"http:\/\/amareve.fr\/wp-content\/uploads\/2019\/04\/AMAREVE-LOGO.jpg","contentUrl":"http:\/\/amareve.fr\/wp-content\/uploads\/2019\/04\/AMAREVE-LOGO.jpg","width":404,"height":367,"caption":"Compagnie Amareve"},"image":{"@id":"http:\/\/amareve.fr\/#\/schema\/logo\/image\/"},"sameAs":["https:\/\/www.facebook.com\/CompagnieAmareve\/"]}]}},"_links":{"self":[{"href":"http:\/\/amareve.fr\/en_en\/wp-json\/wp\/v2\/tribe_events\/1881","targetHints":{"allow":["GET"]}}],"collection":[{"href":"http:\/\/amareve.fr\/en_en\/wp-json\/wp\/v2\/tribe_events"}],"about":[{"href":"http:\/\/amareve.fr\/en_en\/wp-json\/wp\/v2\/types\/tribe_events"}],"author":[{"embeddable":true,"href":"http:\/\/amareve.fr\/en_en\/wp-json\/wp\/v2\/users\/1"}],"version-history":[{"count":1,"href":"http:\/\/amareve.fr\/en_en\/wp-json\/wp\/v2\/tribe_events\/1881\/revisions"}],"predecessor-version":[{"id":1891,"href":"http:\/\/amareve.fr\/en_en\/wp-json\/wp\/v2\/tribe_events\/1881\/revisions\/1891"}],"wp:featuredmedia":[{"embeddable":true,"href":"http:\/\/amareve.fr\/en_en\/wp-json\/wp\/v2\/media\/1701"}],"wp:attachment":[{"href":"http:\/\/amareve.fr\/en_en\/wp-json\/wp\/v2\/media?parent=1881"}],"wp:term":[{"taxonomy":"post_tag","embeddable":true,"href":"http:\/\/amareve.fr\/en_en\/wp-json\/wp\/v2\/tags?post=1881"},{"taxonomy":"tribe_events_cat","embeddable":true,"href":"http:\/\/amareve.fr\/en_en\/wp-json\/wp\/v2\/tribe_events_cat?post=1881"}],"curies":[{"name":"wp","href":"https:\/\/api.w.org\/{rel}","templated":true}]}}

La terre qui ne voulait plus tourner, Françoise du Chaxel

<p>Dans le cadre du RT5 (Rencontres Théâtrales 5) <br /> <br />
Avec les élèves de CE2-CM2 du groupe scolaire de Saint-Amand-en-Puisaye<br />
Pour les élèves des écoles d&#8217;Entrains-sur-Nohain et Donzy<br />
Château de Saint-Amand-en-Puisaye</p>

<p>Dans le cadre du RT5 (Rencontres Théâtrales 5) Avec les élèves de CE2-CM2 du groupe scolaire de Saint-Amand-en-Puisaye Pour les élèves des écoles d&#8217;Entrains-sur-Nohain et Donzy Château de Saint-Amand-en-Puisaye</p>

<!-- This site is optimized with the Yoast SEO plugin v27.5 - https://yoast.com/product/yoast-seo-wordpress/ -->
<title>La terre qui ne voulait plus tourner, Françoise du Chaxel - Compagnie Amarêve</title>
<meta name="robots" content="index, follow, max-snippet:-1, max-image-preview:large, max-video-preview:-1" />
<link rel="canonical" href="https://amareve.fr/en_en/event/la-terre-qui-ne-voulait-plus-tourner-francoise-du-chaxel-3/" />
<meta property="og:locale" content="en_US" />
<meta property="og:type" content="article" />
<meta property="og:title" content="La terre qui ne voulait plus tourner, Françoise du Chaxel - Compagnie Amarêve" />
<meta property="og:description" content="Dans le cadre du RT5 (Rencontres Théâtrales 5) Avec les élèves de CE2-CM2 du groupe scolaire de Saint-Amand-en-Puisaye Pour les élèves des écoles d&#8217;Entrains-sur-Nohain et Donzy Château de Saint-Amand-en-Puisaye" />
<meta property="og:url" content="https://amareve.fr/en_en/event/la-terre-qui-ne-voulait-plus-tourner-francoise-du-chaxel-3/" />
<meta property="og:site_name" content="Compagnie Amarêve" />
<meta property="article:publisher" content="https://www.facebook.com/CompagnieAmareve/" />
<meta property="og:image" content="https://amareve.fr/wp-content/uploads/2023/02/Invitation_StAmand-scaled.jpg" />
	<meta property="og:image:width" content="1825" />
	<meta property="og:image:height" content="2560" />
	<meta property="og:image:type" content="image/jpeg" />
<meta name="twitter:card" content="summary_large_image" />
<meta name="twitter:label1" content="Est. reading time" />
	<meta name="twitter:data1" content="1 minute" />
<script type="application/ld+json" class="yoast-schema-graph">{"@context":"https:\/\/schema.org","@graph":[{"@type":"WebPage","@id":"https:\/\/amareve.fr\/event\/la-terre-qui-ne-voulait-plus-tourner-francoise-du-chaxel-3\/","url":"https:\/\/amareve.fr\/event\/la-terre-qui-ne-voulait-plus-tourner-francoise-du-chaxel-3\/","name":"La terre qui ne voulait plus tourner, Françoise du Chaxel - Compagnie Amarêve","isPartOf":{"@id":"http:\/\/amareve.fr\/#website"},"primaryImageOfPage":{"@id":"https:\/\/amareve.fr\/event\/la-terre-qui-ne-voulait-plus-tourner-francoise-du-chaxel-3\/#primaryimage"},"image":{"@id":"https:\/\/amareve.fr\/event\/la-terre-qui-ne-voulait-plus-tourner-francoise-du-chaxel-3\/#primaryimage"},"thumbnailUrl":"http:\/\/amareve.fr\/wp-content\/uploads\/2023\/02\/Invitation_StAmand-scaled.jpg","datePublished":"2023-02-22T08:09:44+00:00","breadcrumb":{"@id":"https:\/\/amareve.fr\/event\/la-terre-qui-ne-voulait-plus-tourner-francoise-du-chaxel-3\/#breadcrumb"},"inLanguage":"en-US","potentialAction":[{"@type":"ReadAction","target":["https:\/\/amareve.fr\/event\/la-terre-qui-ne-voulait-plus-tourner-francoise-du-chaxel-3\/"]}]},{"@type":"ImageObject","inLanguage":"en-US","@id":"https:\/\/amareve.fr\/event\/la-terre-qui-ne-voulait-plus-tourner-francoise-du-chaxel-3\/#primaryimage","url":"http:\/\/amareve.fr\/wp-content\/uploads\/2023\/02\/Invitation_StAmand-scaled.jpg","contentUrl":"http:\/\/amareve.fr\/wp-content\/uploads\/2023\/02\/Invitation_StAmand-scaled.jpg","width":1825,"height":2560},{"@type":"BreadcrumbList","@id":"https:\/\/amareve.fr\/event\/la-terre-qui-ne-voulait-plus-tourner-francoise-du-chaxel-3\/#breadcrumb","itemListElement":[{"@type":"ListItem","position":1,"name":"Accueil","item":"http:\/\/amareve.fr\/"},{"@type":"ListItem","position":2,"name":"Évènements","item":"http:\/\/amareve.fr\/events\/"},{"@type":"ListItem","position":3,"name":"La terre qui ne voulait plus tourner, Françoise du Chaxel"}]},{"@type":"WebSite","@id":"http:\/\/amareve.fr\/#website","url":"http:\/\/amareve.fr\/","name":"Amareve","description":"","publisher":{"@id":"http:\/\/amareve.fr\/#organization"},"potentialAction":[{"@type":"SearchAction","target":{"@type":"EntryPoint","urlTemplate":"http:\/\/amareve.fr\/?s={search_term_string}"},"query-input":{"@type":"PropertyValueSpecification","valueRequired":true,"valueName":"search_term_string"}}],"inLanguage":"en-US"},{"@type":"Organization","@id":"http:\/\/amareve.fr\/#organization","name":"Compagnie Amareve","url":"http:\/\/amareve.fr\/","logo":{"@type":"ImageObject","inLanguage":"en-US","@id":"http:\/\/amareve.fr\/#\/schema\/logo\/image\/","url":"http:\/\/amareve.fr\/wp-content\/uploads\/2019\/04\/AMAREVE-LOGO.jpg","contentUrl":"http:\/\/amareve.fr\/wp-content\/uploads\/2019\/04\/AMAREVE-LOGO.jpg","width":404,"height":367,"caption":"Compagnie Amareve"},"image":{"@id":"http:\/\/amareve.fr\/#\/schema\/logo\/image\/"},"sameAs":["https:\/\/www.facebook.com\/CompagnieAmareve\/"]}]}</script>
<!-- / Yoast SEO plugin. -->

La terre qui ne voulait plus tourner, Françoise du Chaxel - Compagnie Amarêve

Dans le cadre du RT5 (Rencontres Théâtrales 5) Avec les élèves de CE2-CM2 du groupe scolaire de Saint-Amand-en-Puisaye Pour les élèves des écoles d&#8217;Entrains-sur-Nohain et Donzy Château de Saint-Amand-en-Puisaye

Compagnie Amarêve

Évènements
