{"id":1773,"date":"2023-02-17T15:46:23","date_gmt":"2023-02-17T15:46:23","guid":{"rendered":"http:\/\/amareve.fr\/?post_type=tribe_events&#038;p=1773"},"modified":"2023-02-17T16:31:57","modified_gmt":"2023-02-17T16:31:57","slug":"qui-leut-cru-florian-rebeyrolle-salle-jeanne-darc-presles","status":"publish","type":"tribe_events","link":"https:\/\/amareve.fr\/en_en\/event\/qui-leut-cru-florian-rebeyrolle-salle-jeanne-darc-presles\/","title":{"rendered":"Qui l&#8217;e\u00fbt cru ?, Florian Rebeyrolle"},"content":{"rendered":"<p>Salle Jeanne d&#8217;Arc, Presles<br \/>\nCom\u00e9die musicale avec la chorale Regards Crois\u00e9s<\/p>","protected":false},"excerpt":{"rendered":"<p>Salle Jeanne d&#8217;Arc, Presles Com\u00e9die musicale avec la chorale Regards Crois\u00e9s<\/p>","protected":false},"author":1,"featured_media":1718,"template":"","meta":{"_tribe_events_status":"","_tribe_events_status_reason":"","footnotes":""},"tags":[],"tribe_events_cat":[55],"class_list":["post-1773","tribe_events","type-tribe_events","status-publish","has-post-thumbnail","hentry","tribe_events_cat-spectacle-amateur","cat_spectacle-amateur"],"yoast_head":"<!-- This site is optimized with the Yoast SEO plugin v27.5 - https:\/\/yoast.com\/product\/yoast-seo-wordpress\/ -->\n<title>Qui l&#039;e\u00fbt cru ?, Florian Rebeyrolle - Compagnie Amar\u00eave<\/title>\n<meta name=\"robots\" content=\"index, follow, max-snippet:-1, max-image-preview:large, max-video-preview:-1\" \/>\n<link rel=\"canonical\" href=\"https:\/\/amareve.fr\/en_en\/event\/qui-leut-cru-florian-rebeyrolle-salle-jeanne-darc-presles\/\" \/>\n<meta property=\"og:locale\" content=\"en_US\" \/>\n<meta property=\"og:type\" content=\"article\" \/>\n<meta property=\"og:title\" content=\"Qui l&#039;e\u00fbt cru ?, Florian Rebeyrolle - Compagnie Amar\u00eave\" \/>\n<meta property=\"og:description\" content=\"Salle Jeanne d&#8217;Arc, Presles Com\u00e9die musicale avec la chorale Regards Crois\u00e9s\" \/>\n<meta property=\"og:url\" content=\"https:\/\/amareve.fr\/en_en\/event\/qui-leut-cru-florian-rebeyrolle-salle-jeanne-darc-presles\/\" \/>\n<meta property=\"og:site_name\" content=\"Compagnie Amar\u00eave\" \/>\n<meta property=\"article:publisher\" content=\"https:\/\/www.facebook.com\/CompagnieAmareve\/\" \/>\n<meta property=\"article:modified_time\" content=\"2023-02-17T16:31:57+00:00\" \/>\n<meta property=\"og:image\" content=\"https:\/\/amareve.fr\/wp-content\/uploads\/2023\/02\/Presles2023.png\" \/>\n\t<meta property=\"og:image:width\" content=\"1200\" \/>\n\t<meta property=\"og:image:height\" content=\"1697\" \/>\n\t<meta property=\"og:image:type\" content=\"image\/png\" \/>\n<meta name=\"twitter:card\" content=\"summary_large_image\" \/>\n<meta name=\"twitter:label1\" content=\"Est. reading time\" \/>\n\t<meta name=\"twitter:data1\" content=\"1 minute\" \/>\n<script type=\"application\/ld+json\" class=\"yoast-schema-graph\">{\"@context\":\"https:\\\/\\\/schema.org\",\"@graph\":[{\"@type\":\"WebPage\",\"@id\":\"https:\\\/\\\/amareve.fr\\\/event\\\/qui-leut-cru-florian-rebeyrolle-salle-jeanne-darc-presles\\\/\",\"url\":\"https:\\\/\\\/amareve.fr\\\/event\\\/qui-leut-cru-florian-rebeyrolle-salle-jeanne-darc-presles\\\/\",\"name\":\"Qui l'e\u00fbt cru ?, Florian Rebeyrolle - Compagnie Amar\u00eave\",\"isPartOf\":{\"@id\":\"https:\\\/\\\/amareve.fr\\\/en_en\\\/#website\"},\"primaryImageOfPage\":{\"@id\":\"https:\\\/\\\/amareve.fr\\\/event\\\/qui-leut-cru-florian-rebeyrolle-salle-jeanne-darc-presles\\\/#primaryimage\"},\"image\":{\"@id\":\"https:\\\/\\\/amareve.fr\\\/event\\\/qui-leut-cru-florian-rebeyrolle-salle-jeanne-darc-presles\\\/#primaryimage\"},\"thumbnailUrl\":\"https:\\\/\\\/amareve.fr\\\/wp-content\\\/uploads\\\/2023\\\/02\\\/Presles2023.png\",\"datePublished\":\"2023-02-17T15:46:23+00:00\",\"dateModified\":\"2023-02-17T16:31:57+00:00\",\"breadcrumb\":{\"@id\":\"https:\\\/\\\/amareve.fr\\\/event\\\/qui-leut-cru-florian-rebeyrolle-salle-jeanne-darc-presles\\\/#breadcrumb\"},\"inLanguage\":\"en-US\",\"potentialAction\":[{\"@type\":\"ReadAction\",\"target\":[\"https:\\\/\\\/amareve.fr\\\/event\\\/qui-leut-cru-florian-rebeyrolle-salle-jeanne-darc-presles\\\/\"]}]},{\"@type\":\"ImageObject\",\"inLanguage\":\"en-US\",\"@id\":\"https:\\\/\\\/amareve.fr\\\/event\\\/qui-leut-cru-florian-rebeyrolle-salle-jeanne-darc-presles\\\/#primaryimage\",\"url\":\"https:\\\/\\\/amareve.fr\\\/wp-content\\\/uploads\\\/2023\\\/02\\\/Presles2023.png\",\"contentUrl\":\"https:\\\/\\\/amareve.fr\\\/wp-content\\\/uploads\\\/2023\\\/02\\\/Presles2023.png\",\"width\":1200,\"height\":1697,\"caption\":\"2023 - Presles (avec Choeurs crois\u00e9s) - Qui l'eut-cru\"},{\"@type\":\"BreadcrumbList\",\"@id\":\"https:\\\/\\\/amareve.fr\\\/event\\\/qui-leut-cru-florian-rebeyrolle-salle-jeanne-darc-presles\\\/#breadcrumb\",\"itemListElement\":[{\"@type\":\"ListItem\",\"position\":1,\"name\":\"Accueil\",\"item\":\"https:\\\/\\\/amareve.fr\\\/en_en\\\/\"},{\"@type\":\"ListItem\",\"position\":2,\"name\":\"\u00c9v\u00e8nements\",\"item\":\"https:\\\/\\\/amareve.fr\\\/events\\\/\"},{\"@type\":\"ListItem\",\"position\":3,\"name\":\"Qui l&#8217;e\u00fbt cru ?, Florian Rebeyrolle\"}]},{\"@type\":\"WebSite\",\"@id\":\"https:\\\/\\\/amareve.fr\\\/en_en\\\/#website\",\"url\":\"https:\\\/\\\/amareve.fr\\\/en_en\\\/\",\"name\":\"Amareve\",\"description\":\"\",\"publisher\":{\"@id\":\"https:\\\/\\\/amareve.fr\\\/en_en\\\/#organization\"},\"potentialAction\":[{\"@type\":\"SearchAction\",\"target\":{\"@type\":\"EntryPoint\",\"urlTemplate\":\"https:\\\/\\\/amareve.fr\\\/en_en\\\/?s={search_term_string}\"},\"query-input\":{\"@type\":\"PropertyValueSpecification\",\"valueRequired\":true,\"valueName\":\"search_term_string\"}}],\"inLanguage\":\"en-US\"},{\"@type\":\"Organization\",\"@id\":\"https:\\\/\\\/amareve.fr\\\/en_en\\\/#organization\",\"name\":\"Compagnie Amareve\",\"url\":\"https:\\\/\\\/amareve.fr\\\/en_en\\\/\",\"logo\":{\"@type\":\"ImageObject\",\"inLanguage\":\"en-US\",\"@id\":\"https:\\\/\\\/amareve.fr\\\/en_en\\\/#\\\/schema\\\/logo\\\/image\\\/\",\"url\":\"http:\\\/\\\/amareve.fr\\\/wp-content\\\/uploads\\\/2019\\\/04\\\/AMAREVE-LOGO.jpg\",\"contentUrl\":\"http:\\\/\\\/amareve.fr\\\/wp-content\\\/uploads\\\/2019\\\/04\\\/AMAREVE-LOGO.jpg\",\"width\":404,\"height\":367,\"caption\":\"Compagnie Amareve\"},\"image\":{\"@id\":\"https:\\\/\\\/amareve.fr\\\/en_en\\\/#\\\/schema\\\/logo\\\/image\\\/\"},\"sameAs\":[\"https:\\\/\\\/www.facebook.com\\\/CompagnieAmareve\\\/\"]}]}<\/script>\n<!-- \/ Yoast SEO plugin. -->","yoast_head_json":{"title":"Qui l'e\u00fbt cru ?, Florian Rebeyrolle - Compagnie Amar\u00eave","robots":{"index":"index","follow":"follow","max-snippet":"max-snippet:-1","max-image-preview":"max-image-preview:large","max-video-preview":"max-video-preview:-1"},"canonical":"https:\/\/amareve.fr\/en_en\/event\/qui-leut-cru-florian-rebeyrolle-salle-jeanne-darc-presles\/","og_locale":"en_US","og_type":"article","og_title":"Qui l'e\u00fbt cru ?, Florian Rebeyrolle - Compagnie Amar\u00eave","og_description":"Salle Jeanne d&#8217;Arc, Presles Com\u00e9die musicale avec la chorale Regards Crois\u00e9s","og_url":"https:\/\/amareve.fr\/en_en\/event\/qui-leut-cru-florian-rebeyrolle-salle-jeanne-darc-presles\/","og_site_name":"Compagnie Amar\u00eave","article_publisher":"https:\/\/www.facebook.com\/CompagnieAmareve\/","article_modified_time":"2023-02-17T16:31:57+00:00","og_image":[{"width":1200,"height":1697,"url":"https:\/\/amareve.fr\/wp-content\/uploads\/2023\/02\/Presles2023.png","type":"image\/png"}],"twitter_card":"summary_large_image","twitter_misc":{"Est. reading time":"1 minute"},"schema":{"@context":"https:\/\/schema.org","@graph":[{"@type":"WebPage","@id":"https:\/\/amareve.fr\/event\/qui-leut-cru-florian-rebeyrolle-salle-jeanne-darc-presles\/","url":"https:\/\/amareve.fr\/event\/qui-leut-cru-florian-rebeyrolle-salle-jeanne-darc-presles\/","name":"Qui l'e\u00fbt cru ?, Florian Rebeyrolle - Compagnie Amar\u00eave","isPartOf":{"@id":"https:\/\/amareve.fr\/en_en\/#website"},"primaryImageOfPage":{"@id":"https:\/\/amareve.fr\/event\/qui-leut-cru-florian-rebeyrolle-salle-jeanne-darc-presles\/#primaryimage"},"image":{"@id":"https:\/\/amareve.fr\/event\/qui-leut-cru-florian-rebeyrolle-salle-jeanne-darc-presles\/#primaryimage"},"thumbnailUrl":"https:\/\/amareve.fr\/wp-content\/uploads\/2023\/02\/Presles2023.png","datePublished":"2023-02-17T15:46:23+00:00","dateModified":"2023-02-17T16:31:57+00:00","breadcrumb":{"@id":"https:\/\/amareve.fr\/event\/qui-leut-cru-florian-rebeyrolle-salle-jeanne-darc-presles\/#breadcrumb"},"inLanguage":"en-US","potentialAction":[{"@type":"ReadAction","target":["https:\/\/amareve.fr\/event\/qui-leut-cru-florian-rebeyrolle-salle-jeanne-darc-presles\/"]}]},{"@type":"ImageObject","inLanguage":"en-US","@id":"https:\/\/amareve.fr\/event\/qui-leut-cru-florian-rebeyrolle-salle-jeanne-darc-presles\/#primaryimage","url":"https:\/\/amareve.fr\/wp-content\/uploads\/2023\/02\/Presles2023.png","contentUrl":"https:\/\/amareve.fr\/wp-content\/uploads\/2023\/02\/Presles2023.png","width":1200,"height":1697,"caption":"2023 - Presles (avec Choeurs crois\u00e9s) - Qui l'eut-cru"},{"@type":"BreadcrumbList","@id":"https:\/\/amareve.fr\/event\/qui-leut-cru-florian-rebeyrolle-salle-jeanne-darc-presles\/#breadcrumb","itemListElement":[{"@type":"ListItem","position":1,"name":"Accueil","item":"https:\/\/amareve.fr\/en_en\/"},{"@type":"ListItem","position":2,"name":"\u00c9v\u00e8nements","item":"https:\/\/amareve.fr\/events\/"},{"@type":"ListItem","position":3,"name":"Qui l&#8217;e\u00fbt cru ?, Florian Rebeyrolle"}]},{"@type":"WebSite","@id":"https:\/\/amareve.fr\/en_en\/#website","url":"https:\/\/amareve.fr\/en_en\/","name":"Amareve","description":"","publisher":{"@id":"https:\/\/amareve.fr\/en_en\/#organization"},"potentialAction":[{"@type":"SearchAction","target":{"@type":"EntryPoint","urlTemplate":"https:\/\/amareve.fr\/en_en\/?s={search_term_string}"},"query-input":{"@type":"PropertyValueSpecification","valueRequired":true,"valueName":"search_term_string"}}],"inLanguage":"en-US"},{"@type":"Organization","@id":"https:\/\/amareve.fr\/en_en\/#organization","name":"Compagnie Amareve","url":"https:\/\/amareve.fr\/en_en\/","logo":{"@type":"ImageObject","inLanguage":"en-US","@id":"https:\/\/amareve.fr\/en_en\/#\/schema\/logo\/image\/","url":"http:\/\/amareve.fr\/wp-content\/uploads\/2019\/04\/AMAREVE-LOGO.jpg","contentUrl":"http:\/\/amareve.fr\/wp-content\/uploads\/2019\/04\/AMAREVE-LOGO.jpg","width":404,"height":367,"caption":"Compagnie Amareve"},"image":{"@id":"https:\/\/amareve.fr\/en_en\/#\/schema\/logo\/image\/"},"sameAs":["https:\/\/www.facebook.com\/CompagnieAmareve\/"]}]}},"_links":{"self":[{"href":"https:\/\/amareve.fr\/en_en\/wp-json\/wp\/v2\/tribe_events\/1773","targetHints":{"allow":["GET"]}}],"collection":[{"href":"https:\/\/amareve.fr\/en_en\/wp-json\/wp\/v2\/tribe_events"}],"about":[{"href":"https:\/\/amareve.fr\/en_en\/wp-json\/wp\/v2\/types\/tribe_events"}],"author":[{"embeddable":true,"href":"https:\/\/amareve.fr\/en_en\/wp-json\/wp\/v2\/users\/1"}],"version-history":[{"count":3,"href":"https:\/\/amareve.fr\/en_en\/wp-json\/wp\/v2\/tribe_events\/1773\/revisions"}],"predecessor-version":[{"id":1808,"href":"https:\/\/amareve.fr\/en_en\/wp-json\/wp\/v2\/tribe_events\/1773\/revisions\/1808"}],"wp:featuredmedia":[{"embeddable":true,"href":"https:\/\/amareve.fr\/en_en\/wp-json\/wp\/v2\/media\/1718"}],"wp:attachment":[{"href":"https:\/\/amareve.fr\/en_en\/wp-json\/wp\/v2\/media?parent=1773"}],"wp:term":[{"taxonomy":"post_tag","embeddable":true,"href":"https:\/\/amareve.fr\/en_en\/wp-json\/wp\/v2\/tags?post=1773"},{"taxonomy":"tribe_events_cat","embeddable":true,"href":"https:\/\/amareve.fr\/en_en\/wp-json\/wp\/v2\/tribe_events_cat?post=1773"}],"curies":[{"name":"wp","href":"https:\/\/api.w.org\/{rel}","templated":true}]}}

Qui l&#8217;eût cru ?, Florian Rebeyrolle

<p>Salle Jeanne d&#8217;Arc, Presles<br />
Comédie musicale avec la chorale Regards Croisés</p>

<p>Salle Jeanne d&#8217;Arc, Presles Comédie musicale avec la chorale Regards Croisés</p>

<!-- This site is optimized with the Yoast SEO plugin v27.5 - https://yoast.com/product/yoast-seo-wordpress/ -->
<title>Qui l&#039;eût cru ?, Florian Rebeyrolle - Compagnie Amarêve</title>
<meta name="robots" content="index, follow, max-snippet:-1, max-image-preview:large, max-video-preview:-1" />
<link rel="canonical" href="https://amareve.fr/en_en/event/qui-leut-cru-florian-rebeyrolle-salle-jeanne-darc-presles/" />
<meta property="og:locale" content="en_US" />
<meta property="og:type" content="article" />
<meta property="og:title" content="Qui l&#039;eût cru ?, Florian Rebeyrolle - Compagnie Amarêve" />
<meta property="og:description" content="Salle Jeanne d&#8217;Arc, Presles Comédie musicale avec la chorale Regards Croisés" />
<meta property="og:url" content="https://amareve.fr/en_en/event/qui-leut-cru-florian-rebeyrolle-salle-jeanne-darc-presles/" />
<meta property="og:site_name" content="Compagnie Amarêve" />
<meta property="article:publisher" content="https://www.facebook.com/CompagnieAmareve/" />
<meta property="article:modified_time" content="2023-02-17T16:31:57+00:00" />
<meta property="og:image" content="https://amareve.fr/wp-content/uploads/2023/02/Presles2023.png" />
	<meta property="og:image:width" content="1200" />
	<meta property="og:image:height" content="1697" />
	<meta property="og:image:type" content="image/png" />
<meta name="twitter:card" content="summary_large_image" />
<meta name="twitter:label1" content="Est. reading time" />
	<meta name="twitter:data1" content="1 minute" />
<script type="application/ld+json" class="yoast-schema-graph">{"@context":"https:\/\/schema.org","@graph":[{"@type":"WebPage","@id":"https:\/\/amareve.fr\/event\/qui-leut-cru-florian-rebeyrolle-salle-jeanne-darc-presles\/","url":"https:\/\/amareve.fr\/event\/qui-leut-cru-florian-rebeyrolle-salle-jeanne-darc-presles\/","name":"Qui l'eût cru ?, Florian Rebeyrolle - Compagnie Amarêve","isPartOf":{"@id":"https:\/\/amareve.fr\/en_en\/#website"},"primaryImageOfPage":{"@id":"https:\/\/amareve.fr\/event\/qui-leut-cru-florian-rebeyrolle-salle-jeanne-darc-presles\/#primaryimage"},"image":{"@id":"https:\/\/amareve.fr\/event\/qui-leut-cru-florian-rebeyrolle-salle-jeanne-darc-presles\/#primaryimage"},"thumbnailUrl":"https:\/\/amareve.fr\/wp-content\/uploads\/2023\/02\/Presles2023.png","datePublished":"2023-02-17T15:46:23+00:00","dateModified":"2023-02-17T16:31:57+00:00","breadcrumb":{"@id":"https:\/\/amareve.fr\/event\/qui-leut-cru-florian-rebeyrolle-salle-jeanne-darc-presles\/#breadcrumb"},"inLanguage":"en-US","potentialAction":[{"@type":"ReadAction","target":["https:\/\/amareve.fr\/event\/qui-leut-cru-florian-rebeyrolle-salle-jeanne-darc-presles\/"]}]},{"@type":"ImageObject","inLanguage":"en-US","@id":"https:\/\/amareve.fr\/event\/qui-leut-cru-florian-rebeyrolle-salle-jeanne-darc-presles\/#primaryimage","url":"https:\/\/amareve.fr\/wp-content\/uploads\/2023\/02\/Presles2023.png","contentUrl":"https:\/\/amareve.fr\/wp-content\/uploads\/2023\/02\/Presles2023.png","width":1200,"height":1697,"caption":"2023 - Presles (avec Choeurs croisés) - Qui l'eut-cru"},{"@type":"BreadcrumbList","@id":"https:\/\/amareve.fr\/event\/qui-leut-cru-florian-rebeyrolle-salle-jeanne-darc-presles\/#breadcrumb","itemListElement":[{"@type":"ListItem","position":1,"name":"Accueil","item":"https:\/\/amareve.fr\/en_en\/"},{"@type":"ListItem","position":2,"name":"Évènements","item":"https:\/\/amareve.fr\/events\/"},{"@type":"ListItem","position":3,"name":"Qui l&#8217;eût cru ?, Florian Rebeyrolle"}]},{"@type":"WebSite","@id":"https:\/\/amareve.fr\/en_en\/#website","url":"https:\/\/amareve.fr\/en_en\/","name":"Amareve","description":"","publisher":{"@id":"https:\/\/amareve.fr\/en_en\/#organization"},"potentialAction":[{"@type":"SearchAction","target":{"@type":"EntryPoint","urlTemplate":"https:\/\/amareve.fr\/en_en\/?s={search_term_string}"},"query-input":{"@type":"PropertyValueSpecification","valueRequired":true,"valueName":"search_term_string"}}],"inLanguage":"en-US"},{"@type":"Organization","@id":"https:\/\/amareve.fr\/en_en\/#organization","name":"Compagnie Amareve","url":"https:\/\/amareve.fr\/en_en\/","logo":{"@type":"ImageObject","inLanguage":"en-US","@id":"https:\/\/amareve.fr\/en_en\/#\/schema\/logo\/image\/","url":"http:\/\/amareve.fr\/wp-content\/uploads\/2019\/04\/AMAREVE-LOGO.jpg","contentUrl":"http:\/\/amareve.fr\/wp-content\/uploads\/2019\/04\/AMAREVE-LOGO.jpg","width":404,"height":367,"caption":"Compagnie Amareve"},"image":{"@id":"https:\/\/amareve.fr\/en_en\/#\/schema\/logo\/image\/"},"sameAs":["https:\/\/www.facebook.com\/CompagnieAmareve\/"]}]}</script>
<!-- / Yoast SEO plugin. -->

Qui l'eût cru ?, Florian Rebeyrolle - Compagnie Amarêve

Salle Jeanne d&#8217;Arc, Presles Comédie musicale avec la chorale Regards Croisés

Compagnie Amarêve

2023 - Presles (avec Choeurs croisés) - Qui l'eut-cru

Évènements
