{"id":1821,"date":"2023-02-17T16:42:42","date_gmt":"2023-02-17T16:42:42","guid":{"rendered":"http:\/\/amareve.fr\/?post_type=tribe_events&#038;p=1821"},"modified":"2023-02-22T07:36:26","modified_gmt":"2023-02-22T07:36:26","slug":"moustique-fabien-arca-3","status":"publish","type":"tribe_events","link":"https:\/\/amareve.fr\/en_en\/event\/moustique-fabien-arca-3\/","title":{"rendered":"Moustique, Fabien Arca"},"content":{"rendered":"<p>Dans le cadre du RT5 (Rencontres Th\u00e9\u00e2trales 5) <br \/> <br \/>\nRepr\u00e9sentation pour les \u00e9coles de Donzy, Ciez, St-Amand-en-Puisaye, Cosne-sur-Loire<br \/>\nAvec les \u00e9l\u00e8ves de CE2-CM2 du groupe scolaire d&#8217;Entrains-sur-Nohain<br \/>\nSalle des F\u00eates, Entrains-sur-Nohain<\/p>","protected":false},"excerpt":{"rendered":"<p>Dans le cadre du RT5 (Rencontres Th\u00e9\u00e2trales 5) Repr\u00e9sentation pour les \u00e9coles de Donzy, Ciez, St-Amand-en-Puisaye, Cosne-sur-Loire Avec les \u00e9l\u00e8ves de CE2-CM2 du groupe scolaire d&#8217;Entrains-sur-Nohain Salle des F\u00eates, Entrains-sur-Nohain<\/p>","protected":false},"author":1,"featured_media":1698,"template":"","meta":{"_tribe_events_status":"","_tribe_events_status_reason":"","footnotes":""},"tags":[],"tribe_events_cat":[53],"class_list":["post-1821","tribe_events","type-tribe_events","status-publish","has-post-thumbnail","hentry","tribe_events_cat-eac","cat_eac"],"yoast_head":"<!-- This site is optimized with the Yoast SEO plugin v27.5 - https:\/\/yoast.com\/product\/yoast-seo-wordpress\/ -->\n<title>Moustique, Fabien Arca - Compagnie Amar\u00eave<\/title>\n<meta name=\"robots\" content=\"index, follow, max-snippet:-1, max-image-preview:large, max-video-preview:-1\" \/>\n<link rel=\"canonical\" href=\"http:\/\/amareve.fr\/en_en\/event\/moustique-fabien-arca-3\/\" \/>\n<meta property=\"og:locale\" content=\"en_US\" \/>\n<meta property=\"og:type\" content=\"article\" \/>\n<meta property=\"og:title\" content=\"Moustique, Fabien Arca - Compagnie Amar\u00eave\" \/>\n<meta property=\"og:description\" content=\"Dans le cadre du RT5 (Rencontres Th\u00e9\u00e2trales 5) Repr\u00e9sentation pour les \u00e9coles de Donzy, Ciez, St-Amand-en-Puisaye, Cosne-sur-Loire Avec les \u00e9l\u00e8ves de CE2-CM2 du groupe scolaire d&#8217;Entrains-sur-Nohain Salle des F\u00eates, Entrains-sur-Nohain\" \/>\n<meta property=\"og:url\" content=\"http:\/\/amareve.fr\/en_en\/event\/moustique-fabien-arca-3\/\" \/>\n<meta property=\"og:site_name\" content=\"Compagnie Amar\u00eave\" \/>\n<meta property=\"article:publisher\" content=\"https:\/\/www.facebook.com\/CompagnieAmareve\/\" \/>\n<meta property=\"article:modified_time\" content=\"2023-02-22T07:36:26+00:00\" \/>\n<meta property=\"og:image\" content=\"http:\/\/amareve.fr\/wp-content\/uploads\/2023\/02\/Invitation_Entrains-scaled.jpg\" \/>\n\t<meta property=\"og:image:width\" content=\"1825\" \/>\n\t<meta property=\"og:image:height\" content=\"2560\" \/>\n\t<meta property=\"og:image:type\" content=\"image\/jpeg\" \/>\n<meta name=\"twitter:card\" content=\"summary_large_image\" \/>\n<meta name=\"twitter:label1\" content=\"Est. reading time\" \/>\n\t<meta name=\"twitter:data1\" content=\"1 minute\" \/>\n<script type=\"application\/ld+json\" class=\"yoast-schema-graph\">{\"@context\":\"https:\\\/\\\/schema.org\",\"@graph\":[{\"@type\":\"WebPage\",\"@id\":\"http:\\\/\\\/amareve.fr\\\/event\\\/moustique-fabien-arca-3\\\/\",\"url\":\"http:\\\/\\\/amareve.fr\\\/event\\\/moustique-fabien-arca-3\\\/\",\"name\":\"Moustique, Fabien Arca - Compagnie Amar\u00eave\",\"isPartOf\":{\"@id\":\"https:\\\/\\\/amareve.fr\\\/en_en\\\/#website\"},\"primaryImageOfPage\":{\"@id\":\"http:\\\/\\\/amareve.fr\\\/event\\\/moustique-fabien-arca-3\\\/#primaryimage\"},\"image\":{\"@id\":\"http:\\\/\\\/amareve.fr\\\/event\\\/moustique-fabien-arca-3\\\/#primaryimage\"},\"thumbnailUrl\":\"https:\\\/\\\/amareve.fr\\\/wp-content\\\/uploads\\\/2023\\\/02\\\/Invitation_Entrains-scaled.jpg\",\"datePublished\":\"2023-02-17T16:42:42+00:00\",\"dateModified\":\"2023-02-22T07:36:26+00:00\",\"breadcrumb\":{\"@id\":\"http:\\\/\\\/amareve.fr\\\/event\\\/moustique-fabien-arca-3\\\/#breadcrumb\"},\"inLanguage\":\"en-US\",\"potentialAction\":[{\"@type\":\"ReadAction\",\"target\":[\"http:\\\/\\\/amareve.fr\\\/event\\\/moustique-fabien-arca-3\\\/\"]}]},{\"@type\":\"ImageObject\",\"inLanguage\":\"en-US\",\"@id\":\"http:\\\/\\\/amareve.fr\\\/event\\\/moustique-fabien-arca-3\\\/#primaryimage\",\"url\":\"https:\\\/\\\/amareve.fr\\\/wp-content\\\/uploads\\\/2023\\\/02\\\/Invitation_Entrains-scaled.jpg\",\"contentUrl\":\"https:\\\/\\\/amareve.fr\\\/wp-content\\\/uploads\\\/2023\\\/02\\\/Invitation_Entrains-scaled.jpg\",\"width\":1825,\"height\":2560},{\"@type\":\"BreadcrumbList\",\"@id\":\"http:\\\/\\\/amareve.fr\\\/event\\\/moustique-fabien-arca-3\\\/#breadcrumb\",\"itemListElement\":[{\"@type\":\"ListItem\",\"position\":1,\"name\":\"Accueil\",\"item\":\"https:\\\/\\\/amareve.fr\\\/en_en\\\/\"},{\"@type\":\"ListItem\",\"position\":2,\"name\":\"\u00c9v\u00e8nements\",\"item\":\"https:\\\/\\\/amareve.fr\\\/events\\\/\"},{\"@type\":\"ListItem\",\"position\":3,\"name\":\"Moustique, Fabien Arca\"}]},{\"@type\":\"WebSite\",\"@id\":\"https:\\\/\\\/amareve.fr\\\/en_en\\\/#website\",\"url\":\"https:\\\/\\\/amareve.fr\\\/en_en\\\/\",\"name\":\"Amareve\",\"description\":\"\",\"publisher\":{\"@id\":\"https:\\\/\\\/amareve.fr\\\/en_en\\\/#organization\"},\"potentialAction\":[{\"@type\":\"SearchAction\",\"target\":{\"@type\":\"EntryPoint\",\"urlTemplate\":\"https:\\\/\\\/amareve.fr\\\/en_en\\\/?s={search_term_string}\"},\"query-input\":{\"@type\":\"PropertyValueSpecification\",\"valueRequired\":true,\"valueName\":\"search_term_string\"}}],\"inLanguage\":\"en-US\"},{\"@type\":\"Organization\",\"@id\":\"https:\\\/\\\/amareve.fr\\\/en_en\\\/#organization\",\"name\":\"Compagnie Amareve\",\"url\":\"https:\\\/\\\/amareve.fr\\\/en_en\\\/\",\"logo\":{\"@type\":\"ImageObject\",\"inLanguage\":\"en-US\",\"@id\":\"https:\\\/\\\/amareve.fr\\\/en_en\\\/#\\\/schema\\\/logo\\\/image\\\/\",\"url\":\"http:\\\/\\\/amareve.fr\\\/wp-content\\\/uploads\\\/2019\\\/04\\\/AMAREVE-LOGO.jpg\",\"contentUrl\":\"http:\\\/\\\/amareve.fr\\\/wp-content\\\/uploads\\\/2019\\\/04\\\/AMAREVE-LOGO.jpg\",\"width\":404,\"height\":367,\"caption\":\"Compagnie Amareve\"},\"image\":{\"@id\":\"https:\\\/\\\/amareve.fr\\\/en_en\\\/#\\\/schema\\\/logo\\\/image\\\/\"},\"sameAs\":[\"https:\\\/\\\/www.facebook.com\\\/CompagnieAmareve\\\/\"]}]}<\/script>\n<!-- \/ Yoast SEO plugin. -->","yoast_head_json":{"title":"Moustique, Fabien Arca - Compagnie Amar\u00eave","robots":{"index":"index","follow":"follow","max-snippet":"max-snippet:-1","max-image-preview":"max-image-preview:large","max-video-preview":"max-video-preview:-1"},"canonical":"http:\/\/amareve.fr\/en_en\/event\/moustique-fabien-arca-3\/","og_locale":"en_US","og_type":"article","og_title":"Moustique, Fabien Arca - Compagnie Amar\u00eave","og_description":"Dans le cadre du RT5 (Rencontres Th\u00e9\u00e2trales 5) Repr\u00e9sentation pour les \u00e9coles de Donzy, Ciez, St-Amand-en-Puisaye, Cosne-sur-Loire Avec les \u00e9l\u00e8ves de CE2-CM2 du groupe scolaire d&#8217;Entrains-sur-Nohain Salle des F\u00eates, Entrains-sur-Nohain","og_url":"http:\/\/amareve.fr\/en_en\/event\/moustique-fabien-arca-3\/","og_site_name":"Compagnie Amar\u00eave","article_publisher":"https:\/\/www.facebook.com\/CompagnieAmareve\/","article_modified_time":"2023-02-22T07:36:26+00:00","og_image":[{"width":1825,"height":2560,"url":"http:\/\/amareve.fr\/wp-content\/uploads\/2023\/02\/Invitation_Entrains-scaled.jpg","type":"image\/jpeg"}],"twitter_card":"summary_large_image","twitter_misc":{"Est. reading time":"1 minute"},"schema":{"@context":"https:\/\/schema.org","@graph":[{"@type":"WebPage","@id":"http:\/\/amareve.fr\/event\/moustique-fabien-arca-3\/","url":"http:\/\/amareve.fr\/event\/moustique-fabien-arca-3\/","name":"Moustique, Fabien Arca - Compagnie Amar\u00eave","isPartOf":{"@id":"https:\/\/amareve.fr\/en_en\/#website"},"primaryImageOfPage":{"@id":"http:\/\/amareve.fr\/event\/moustique-fabien-arca-3\/#primaryimage"},"image":{"@id":"http:\/\/amareve.fr\/event\/moustique-fabien-arca-3\/#primaryimage"},"thumbnailUrl":"https:\/\/amareve.fr\/wp-content\/uploads\/2023\/02\/Invitation_Entrains-scaled.jpg","datePublished":"2023-02-17T16:42:42+00:00","dateModified":"2023-02-22T07:36:26+00:00","breadcrumb":{"@id":"http:\/\/amareve.fr\/event\/moustique-fabien-arca-3\/#breadcrumb"},"inLanguage":"en-US","potentialAction":[{"@type":"ReadAction","target":["http:\/\/amareve.fr\/event\/moustique-fabien-arca-3\/"]}]},{"@type":"ImageObject","inLanguage":"en-US","@id":"http:\/\/amareve.fr\/event\/moustique-fabien-arca-3\/#primaryimage","url":"https:\/\/amareve.fr\/wp-content\/uploads\/2023\/02\/Invitation_Entrains-scaled.jpg","contentUrl":"https:\/\/amareve.fr\/wp-content\/uploads\/2023\/02\/Invitation_Entrains-scaled.jpg","width":1825,"height":2560},{"@type":"BreadcrumbList","@id":"http:\/\/amareve.fr\/event\/moustique-fabien-arca-3\/#breadcrumb","itemListElement":[{"@type":"ListItem","position":1,"name":"Accueil","item":"https:\/\/amareve.fr\/en_en\/"},{"@type":"ListItem","position":2,"name":"\u00c9v\u00e8nements","item":"https:\/\/amareve.fr\/events\/"},{"@type":"ListItem","position":3,"name":"Moustique, Fabien Arca"}]},{"@type":"WebSite","@id":"https:\/\/amareve.fr\/en_en\/#website","url":"https:\/\/amareve.fr\/en_en\/","name":"Amareve","description":"","publisher":{"@id":"https:\/\/amareve.fr\/en_en\/#organization"},"potentialAction":[{"@type":"SearchAction","target":{"@type":"EntryPoint","urlTemplate":"https:\/\/amareve.fr\/en_en\/?s={search_term_string}"},"query-input":{"@type":"PropertyValueSpecification","valueRequired":true,"valueName":"search_term_string"}}],"inLanguage":"en-US"},{"@type":"Organization","@id":"https:\/\/amareve.fr\/en_en\/#organization","name":"Compagnie Amareve","url":"https:\/\/amareve.fr\/en_en\/","logo":{"@type":"ImageObject","inLanguage":"en-US","@id":"https:\/\/amareve.fr\/en_en\/#\/schema\/logo\/image\/","url":"http:\/\/amareve.fr\/wp-content\/uploads\/2019\/04\/AMAREVE-LOGO.jpg","contentUrl":"http:\/\/amareve.fr\/wp-content\/uploads\/2019\/04\/AMAREVE-LOGO.jpg","width":404,"height":367,"caption":"Compagnie Amareve"},"image":{"@id":"https:\/\/amareve.fr\/en_en\/#\/schema\/logo\/image\/"},"sameAs":["https:\/\/www.facebook.com\/CompagnieAmareve\/"]}]}},"_links":{"self":[{"href":"https:\/\/amareve.fr\/en_en\/wp-json\/wp\/v2\/tribe_events\/1821","targetHints":{"allow":["GET"]}}],"collection":[{"href":"https:\/\/amareve.fr\/en_en\/wp-json\/wp\/v2\/tribe_events"}],"about":[{"href":"https:\/\/amareve.fr\/en_en\/wp-json\/wp\/v2\/types\/tribe_events"}],"author":[{"embeddable":true,"href":"https:\/\/amareve.fr\/en_en\/wp-json\/wp\/v2\/users\/1"}],"version-history":[{"count":2,"href":"https:\/\/amareve.fr\/en_en\/wp-json\/wp\/v2\/tribe_events\/1821\/revisions"}],"predecessor-version":[{"id":1827,"href":"https:\/\/amareve.fr\/en_en\/wp-json\/wp\/v2\/tribe_events\/1821\/revisions\/1827"}],"wp:featuredmedia":[{"embeddable":true,"href":"https:\/\/amareve.fr\/en_en\/wp-json\/wp\/v2\/media\/1698"}],"wp:attachment":[{"href":"https:\/\/amareve.fr\/en_en\/wp-json\/wp\/v2\/media?parent=1821"}],"wp:term":[{"taxonomy":"post_tag","embeddable":true,"href":"https:\/\/amareve.fr\/en_en\/wp-json\/wp\/v2\/tags?post=1821"},{"taxonomy":"tribe_events_cat","embeddable":true,"href":"https:\/\/amareve.fr\/en_en\/wp-json\/wp\/v2\/tribe_events_cat?post=1821"}],"curies":[{"name":"wp","href":"https:\/\/api.w.org\/{rel}","templated":true}]}}

<p>Dans le cadre du RT5 (Rencontres Théâtrales 5) <br /> <br />
Représentation pour les écoles de Donzy, Ciez, St-Amand-en-Puisaye, Cosne-sur-Loire<br />
Avec les élèves de CE2-CM2 du groupe scolaire d&#8217;Entrains-sur-Nohain<br />
Salle des Fêtes, Entrains-sur-Nohain</p>

<p>Dans le cadre du RT5 (Rencontres Théâtrales 5) Représentation pour les écoles de Donzy, Ciez, St-Amand-en-Puisaye, Cosne-sur-Loire Avec les élèves de CE2-CM2 du groupe scolaire d&#8217;Entrains-sur-Nohain Salle des Fêtes, Entrains-sur-Nohain</p>

<!-- This site is optimized with the Yoast SEO plugin v27.5 - https://yoast.com/product/yoast-seo-wordpress/ -->
<title>Moustique, Fabien Arca - Compagnie Amarêve</title>
<meta name="robots" content="index, follow, max-snippet:-1, max-image-preview:large, max-video-preview:-1" />
<link rel="canonical" href="http://amareve.fr/en_en/event/moustique-fabien-arca-3/" />
<meta property="og:locale" content="en_US" />
<meta property="og:type" content="article" />
<meta property="og:title" content="Moustique, Fabien Arca - Compagnie Amarêve" />
<meta property="og:description" content="Dans le cadre du RT5 (Rencontres Théâtrales 5) Représentation pour les écoles de Donzy, Ciez, St-Amand-en-Puisaye, Cosne-sur-Loire Avec les élèves de CE2-CM2 du groupe scolaire d&#8217;Entrains-sur-Nohain Salle des Fêtes, Entrains-sur-Nohain" />
<meta property="og:url" content="http://amareve.fr/en_en/event/moustique-fabien-arca-3/" />
<meta property="og:site_name" content="Compagnie Amarêve" />
<meta property="article:publisher" content="https://www.facebook.com/CompagnieAmareve/" />
<meta property="article:modified_time" content="2023-02-22T07:36:26+00:00" />
<meta property="og:image" content="http://amareve.fr/wp-content/uploads/2023/02/Invitation_Entrains-scaled.jpg" />
	<meta property="og:image:width" content="1825" />
	<meta property="og:image:height" content="2560" />
	<meta property="og:image:type" content="image/jpeg" />
<meta name="twitter:card" content="summary_large_image" />
<meta name="twitter:label1" content="Est. reading time" />
	<meta name="twitter:data1" content="1 minute" />
<script type="application/ld+json" class="yoast-schema-graph">{"@context":"https:\/\/schema.org","@graph":[{"@type":"WebPage","@id":"http:\/\/amareve.fr\/event\/moustique-fabien-arca-3\/","url":"http:\/\/amareve.fr\/event\/moustique-fabien-arca-3\/","name":"Moustique, Fabien Arca - Compagnie Amarêve","isPartOf":{"@id":"https:\/\/amareve.fr\/en_en\/#website"},"primaryImageOfPage":{"@id":"http:\/\/amareve.fr\/event\/moustique-fabien-arca-3\/#primaryimage"},"image":{"@id":"http:\/\/amareve.fr\/event\/moustique-fabien-arca-3\/#primaryimage"},"thumbnailUrl":"https:\/\/amareve.fr\/wp-content\/uploads\/2023\/02\/Invitation_Entrains-scaled.jpg","datePublished":"2023-02-17T16:42:42+00:00","dateModified":"2023-02-22T07:36:26+00:00","breadcrumb":{"@id":"http:\/\/amareve.fr\/event\/moustique-fabien-arca-3\/#breadcrumb"},"inLanguage":"en-US","potentialAction":[{"@type":"ReadAction","target":["http:\/\/amareve.fr\/event\/moustique-fabien-arca-3\/"]}]},{"@type":"ImageObject","inLanguage":"en-US","@id":"http:\/\/amareve.fr\/event\/moustique-fabien-arca-3\/#primaryimage","url":"https:\/\/amareve.fr\/wp-content\/uploads\/2023\/02\/Invitation_Entrains-scaled.jpg","contentUrl":"https:\/\/amareve.fr\/wp-content\/uploads\/2023\/02\/Invitation_Entrains-scaled.jpg","width":1825,"height":2560},{"@type":"BreadcrumbList","@id":"http:\/\/amareve.fr\/event\/moustique-fabien-arca-3\/#breadcrumb","itemListElement":[{"@type":"ListItem","position":1,"name":"Accueil","item":"https:\/\/amareve.fr\/en_en\/"},{"@type":"ListItem","position":2,"name":"Évènements","item":"https:\/\/amareve.fr\/events\/"},{"@type":"ListItem","position":3,"name":"Moustique, Fabien Arca"}]},{"@type":"WebSite","@id":"https:\/\/amareve.fr\/en_en\/#website","url":"https:\/\/amareve.fr\/en_en\/","name":"Amareve","description":"","publisher":{"@id":"https:\/\/amareve.fr\/en_en\/#organization"},"potentialAction":[{"@type":"SearchAction","target":{"@type":"EntryPoint","urlTemplate":"https:\/\/amareve.fr\/en_en\/?s={search_term_string}"},"query-input":{"@type":"PropertyValueSpecification","valueRequired":true,"valueName":"search_term_string"}}],"inLanguage":"en-US"},{"@type":"Organization","@id":"https:\/\/amareve.fr\/en_en\/#organization","name":"Compagnie Amareve","url":"https:\/\/amareve.fr\/en_en\/","logo":{"@type":"ImageObject","inLanguage":"en-US","@id":"https:\/\/amareve.fr\/en_en\/#\/schema\/logo\/image\/","url":"http:\/\/amareve.fr\/wp-content\/uploads\/2019\/04\/AMAREVE-LOGO.jpg","contentUrl":"http:\/\/amareve.fr\/wp-content\/uploads\/2019\/04\/AMAREVE-LOGO.jpg","width":404,"height":367,"caption":"Compagnie Amareve"},"image":{"@id":"https:\/\/amareve.fr\/en_en\/#\/schema\/logo\/image\/"},"sameAs":["https:\/\/www.facebook.com\/CompagnieAmareve\/"]}]}</script>
<!-- / Yoast SEO plugin. -->

Moustique, Fabien Arca - Compagnie Amarêve

Dans le cadre du RT5 (Rencontres Théâtrales 5) Représentation pour les écoles de Donzy, Ciez, St-Amand-en-Puisaye, Cosne-sur-Loire Avec les élèves de CE2-CM2 du groupe scolaire d&#8217;Entrains-sur-Nohain Salle des Fêtes, Entrains-sur-Nohain

Compagnie Amarêve

Évènements
