{"id":1925,"date":"2023-02-22T09:54:52","date_gmt":"2023-02-22T09:54:52","guid":{"rendered":"http:\/\/amareve.fr\/?post_type=tribe_events&#038;p=1925"},"modified":"2023-02-22T09:54:52","modified_gmt":"2023-02-22T09:54:52","slug":"perlino-comment-fabrice-melquiot-3","status":"publish","type":"tribe_events","link":"https:\/\/amareve.fr\/en_en\/event\/perlino-comment-fabrice-melquiot-3\/","title":{"rendered":"Perlino Comment, Fabrice Melquiot"},"content":{"rendered":"<p>Entrains-sur-Nohain, Th\u00e9\u00e2tre en jardin<\/p>\n<p>Avec Olivier Balu, Isabelle Couloigner, St\u00e9phane de Oliveira, Audrey Weissberg<br \/>\nCr\u00e9ation lumi\u00e8re Marilyn \u00c9tienne-Bon<\/p>","protected":false},"excerpt":{"rendered":"<p>Entrains-sur-Nohain, Th\u00e9\u00e2tre en jardin Avec Olivier Balu, Isabelle Couloigner, St\u00e9phane de Oliveira, Audrey Weissberg Cr\u00e9ation lumi\u00e8re Marilyn \u00c9tienne-Bon<\/p>","protected":false},"author":1,"featured_media":1694,"template":"","meta":{"_tribe_events_status":"","_tribe_events_status_reason":"","footnotes":""},"tags":[],"tribe_events_cat":[54],"class_list":["post-1925","tribe_events","type-tribe_events","status-publish","has-post-thumbnail","hentry","tribe_events_cat-spectacle-professionnel","cat_spectacle-professionnel"],"yoast_head":"<!-- This site is optimized with the Yoast SEO plugin v27.5 - https:\/\/yoast.com\/product\/yoast-seo-wordpress\/ -->\n<title>Perlino Comment, Fabrice Melquiot - Compagnie Amar\u00eave<\/title>\n<meta name=\"robots\" content=\"index, follow, max-snippet:-1, max-image-preview:large, max-video-preview:-1\" \/>\n<link rel=\"canonical\" href=\"http:\/\/amareve.fr\/en_en\/event\/perlino-comment-fabrice-melquiot-3\/\" \/>\n<meta property=\"og:locale\" content=\"en_US\" \/>\n<meta property=\"og:type\" content=\"article\" \/>\n<meta property=\"og:title\" content=\"Perlino Comment, Fabrice Melquiot - Compagnie Amar\u00eave\" \/>\n<meta property=\"og:description\" content=\"Entrains-sur-Nohain, Th\u00e9\u00e2tre en jardin Avec Olivier Balu, Isabelle Couloigner, St\u00e9phane de Oliveira, Audrey Weissberg Cr\u00e9ation lumi\u00e8re Marilyn \u00c9tienne-Bon\" \/>\n<meta property=\"og:url\" content=\"http:\/\/amareve.fr\/en_en\/event\/perlino-comment-fabrice-melquiot-3\/\" \/>\n<meta property=\"og:site_name\" content=\"Compagnie Amar\u00eave\" \/>\n<meta property=\"article:publisher\" content=\"https:\/\/www.facebook.com\/CompagnieAmareve\/\" \/>\n<meta property=\"og:image\" content=\"http:\/\/amareve.fr\/wp-content\/uploads\/2023\/02\/Flyer_Perlino_Entrains-scaled.jpg\" \/>\n\t<meta property=\"og:image:width\" content=\"1811\" \/>\n\t<meta property=\"og:image:height\" content=\"2560\" \/>\n\t<meta property=\"og:image:type\" content=\"image\/jpeg\" \/>\n<meta name=\"twitter:card\" content=\"summary_large_image\" \/>\n<meta name=\"twitter:label1\" content=\"Est. reading time\" \/>\n\t<meta name=\"twitter:data1\" content=\"1 minute\" \/>\n<script type=\"application\/ld+json\" class=\"yoast-schema-graph\">{\"@context\":\"https:\\\/\\\/schema.org\",\"@graph\":[{\"@type\":\"WebPage\",\"@id\":\"http:\\\/\\\/amareve.fr\\\/event\\\/perlino-comment-fabrice-melquiot-3\\\/\",\"url\":\"http:\\\/\\\/amareve.fr\\\/event\\\/perlino-comment-fabrice-melquiot-3\\\/\",\"name\":\"Perlino Comment, Fabrice Melquiot - Compagnie Amar\u00eave\",\"isPartOf\":{\"@id\":\"http:\\\/\\\/amareve.fr\\\/#website\"},\"primaryImageOfPage\":{\"@id\":\"http:\\\/\\\/amareve.fr\\\/event\\\/perlino-comment-fabrice-melquiot-3\\\/#primaryimage\"},\"image\":{\"@id\":\"http:\\\/\\\/amareve.fr\\\/event\\\/perlino-comment-fabrice-melquiot-3\\\/#primaryimage\"},\"thumbnailUrl\":\"https:\\\/\\\/amareve.fr\\\/wp-content\\\/uploads\\\/2023\\\/02\\\/Flyer_Perlino_Entrains-scaled.jpg\",\"datePublished\":\"2023-02-22T09:54:52+00:00\",\"breadcrumb\":{\"@id\":\"http:\\\/\\\/amareve.fr\\\/event\\\/perlino-comment-fabrice-melquiot-3\\\/#breadcrumb\"},\"inLanguage\":\"en-US\",\"potentialAction\":[{\"@type\":\"ReadAction\",\"target\":[\"http:\\\/\\\/amareve.fr\\\/event\\\/perlino-comment-fabrice-melquiot-3\\\/\"]}]},{\"@type\":\"ImageObject\",\"inLanguage\":\"en-US\",\"@id\":\"http:\\\/\\\/amareve.fr\\\/event\\\/perlino-comment-fabrice-melquiot-3\\\/#primaryimage\",\"url\":\"https:\\\/\\\/amareve.fr\\\/wp-content\\\/uploads\\\/2023\\\/02\\\/Flyer_Perlino_Entrains-scaled.jpg\",\"contentUrl\":\"https:\\\/\\\/amareve.fr\\\/wp-content\\\/uploads\\\/2023\\\/02\\\/Flyer_Perlino_Entrains-scaled.jpg\",\"width\":1811,\"height\":2560},{\"@type\":\"BreadcrumbList\",\"@id\":\"http:\\\/\\\/amareve.fr\\\/event\\\/perlino-comment-fabrice-melquiot-3\\\/#breadcrumb\",\"itemListElement\":[{\"@type\":\"ListItem\",\"position\":1,\"name\":\"Accueil\",\"item\":\"http:\\\/\\\/amareve.fr\\\/\"},{\"@type\":\"ListItem\",\"position\":2,\"name\":\"\u00c9v\u00e8nements\",\"item\":\"http:\\\/\\\/amareve.fr\\\/events\\\/\"},{\"@type\":\"ListItem\",\"position\":3,\"name\":\"Perlino Comment, Fabrice Melquiot\"}]},{\"@type\":\"WebSite\",\"@id\":\"http:\\\/\\\/amareve.fr\\\/#website\",\"url\":\"http:\\\/\\\/amareve.fr\\\/\",\"name\":\"Amareve\",\"description\":\"\",\"publisher\":{\"@id\":\"http:\\\/\\\/amareve.fr\\\/#organization\"},\"potentialAction\":[{\"@type\":\"SearchAction\",\"target\":{\"@type\":\"EntryPoint\",\"urlTemplate\":\"http:\\\/\\\/amareve.fr\\\/?s={search_term_string}\"},\"query-input\":{\"@type\":\"PropertyValueSpecification\",\"valueRequired\":true,\"valueName\":\"search_term_string\"}}],\"inLanguage\":\"en-US\"},{\"@type\":\"Organization\",\"@id\":\"http:\\\/\\\/amareve.fr\\\/#organization\",\"name\":\"Compagnie Amareve\",\"url\":\"http:\\\/\\\/amareve.fr\\\/\",\"logo\":{\"@type\":\"ImageObject\",\"inLanguage\":\"en-US\",\"@id\":\"http:\\\/\\\/amareve.fr\\\/#\\\/schema\\\/logo\\\/image\\\/\",\"url\":\"http:\\\/\\\/amareve.fr\\\/wp-content\\\/uploads\\\/2019\\\/04\\\/AMAREVE-LOGO.jpg\",\"contentUrl\":\"http:\\\/\\\/amareve.fr\\\/wp-content\\\/uploads\\\/2019\\\/04\\\/AMAREVE-LOGO.jpg\",\"width\":404,\"height\":367,\"caption\":\"Compagnie Amareve\"},\"image\":{\"@id\":\"http:\\\/\\\/amareve.fr\\\/#\\\/schema\\\/logo\\\/image\\\/\"},\"sameAs\":[\"https:\\\/\\\/www.facebook.com\\\/CompagnieAmareve\\\/\"]}]}<\/script>\n<!-- \/ Yoast SEO plugin. -->","yoast_head_json":{"title":"Perlino Comment, Fabrice Melquiot - Compagnie Amar\u00eave","robots":{"index":"index","follow":"follow","max-snippet":"max-snippet:-1","max-image-preview":"max-image-preview:large","max-video-preview":"max-video-preview:-1"},"canonical":"http:\/\/amareve.fr\/en_en\/event\/perlino-comment-fabrice-melquiot-3\/","og_locale":"en_US","og_type":"article","og_title":"Perlino Comment, Fabrice Melquiot - Compagnie Amar\u00eave","og_description":"Entrains-sur-Nohain, Th\u00e9\u00e2tre en jardin Avec Olivier Balu, Isabelle Couloigner, St\u00e9phane de Oliveira, Audrey Weissberg Cr\u00e9ation lumi\u00e8re Marilyn \u00c9tienne-Bon","og_url":"http:\/\/amareve.fr\/en_en\/event\/perlino-comment-fabrice-melquiot-3\/","og_site_name":"Compagnie Amar\u00eave","article_publisher":"https:\/\/www.facebook.com\/CompagnieAmareve\/","og_image":[{"width":1811,"height":2560,"url":"http:\/\/amareve.fr\/wp-content\/uploads\/2023\/02\/Flyer_Perlino_Entrains-scaled.jpg","type":"image\/jpeg"}],"twitter_card":"summary_large_image","twitter_misc":{"Est. reading time":"1 minute"},"schema":{"@context":"https:\/\/schema.org","@graph":[{"@type":"WebPage","@id":"http:\/\/amareve.fr\/event\/perlino-comment-fabrice-melquiot-3\/","url":"http:\/\/amareve.fr\/event\/perlino-comment-fabrice-melquiot-3\/","name":"Perlino Comment, Fabrice Melquiot - Compagnie Amar\u00eave","isPartOf":{"@id":"http:\/\/amareve.fr\/#website"},"primaryImageOfPage":{"@id":"http:\/\/amareve.fr\/event\/perlino-comment-fabrice-melquiot-3\/#primaryimage"},"image":{"@id":"http:\/\/amareve.fr\/event\/perlino-comment-fabrice-melquiot-3\/#primaryimage"},"thumbnailUrl":"https:\/\/amareve.fr\/wp-content\/uploads\/2023\/02\/Flyer_Perlino_Entrains-scaled.jpg","datePublished":"2023-02-22T09:54:52+00:00","breadcrumb":{"@id":"http:\/\/amareve.fr\/event\/perlino-comment-fabrice-melquiot-3\/#breadcrumb"},"inLanguage":"en-US","potentialAction":[{"@type":"ReadAction","target":["http:\/\/amareve.fr\/event\/perlino-comment-fabrice-melquiot-3\/"]}]},{"@type":"ImageObject","inLanguage":"en-US","@id":"http:\/\/amareve.fr\/event\/perlino-comment-fabrice-melquiot-3\/#primaryimage","url":"https:\/\/amareve.fr\/wp-content\/uploads\/2023\/02\/Flyer_Perlino_Entrains-scaled.jpg","contentUrl":"https:\/\/amareve.fr\/wp-content\/uploads\/2023\/02\/Flyer_Perlino_Entrains-scaled.jpg","width":1811,"height":2560},{"@type":"BreadcrumbList","@id":"http:\/\/amareve.fr\/event\/perlino-comment-fabrice-melquiot-3\/#breadcrumb","itemListElement":[{"@type":"ListItem","position":1,"name":"Accueil","item":"http:\/\/amareve.fr\/"},{"@type":"ListItem","position":2,"name":"\u00c9v\u00e8nements","item":"http:\/\/amareve.fr\/events\/"},{"@type":"ListItem","position":3,"name":"Perlino Comment, Fabrice Melquiot"}]},{"@type":"WebSite","@id":"http:\/\/amareve.fr\/#website","url":"http:\/\/amareve.fr\/","name":"Amareve","description":"","publisher":{"@id":"http:\/\/amareve.fr\/#organization"},"potentialAction":[{"@type":"SearchAction","target":{"@type":"EntryPoint","urlTemplate":"http:\/\/amareve.fr\/?s={search_term_string}"},"query-input":{"@type":"PropertyValueSpecification","valueRequired":true,"valueName":"search_term_string"}}],"inLanguage":"en-US"},{"@type":"Organization","@id":"http:\/\/amareve.fr\/#organization","name":"Compagnie Amareve","url":"http:\/\/amareve.fr\/","logo":{"@type":"ImageObject","inLanguage":"en-US","@id":"http:\/\/amareve.fr\/#\/schema\/logo\/image\/","url":"http:\/\/amareve.fr\/wp-content\/uploads\/2019\/04\/AMAREVE-LOGO.jpg","contentUrl":"http:\/\/amareve.fr\/wp-content\/uploads\/2019\/04\/AMAREVE-LOGO.jpg","width":404,"height":367,"caption":"Compagnie Amareve"},"image":{"@id":"http:\/\/amareve.fr\/#\/schema\/logo\/image\/"},"sameAs":["https:\/\/www.facebook.com\/CompagnieAmareve\/"]}]}},"_links":{"self":[{"href":"https:\/\/amareve.fr\/en_en\/wp-json\/wp\/v2\/tribe_events\/1925","targetHints":{"allow":["GET"]}}],"collection":[{"href":"https:\/\/amareve.fr\/en_en\/wp-json\/wp\/v2\/tribe_events"}],"about":[{"href":"https:\/\/amareve.fr\/en_en\/wp-json\/wp\/v2\/types\/tribe_events"}],"author":[{"embeddable":true,"href":"https:\/\/amareve.fr\/en_en\/wp-json\/wp\/v2\/users\/1"}],"version-history":[{"count":1,"href":"https:\/\/amareve.fr\/en_en\/wp-json\/wp\/v2\/tribe_events\/1925\/revisions"}],"predecessor-version":[{"id":1926,"href":"https:\/\/amareve.fr\/en_en\/wp-json\/wp\/v2\/tribe_events\/1925\/revisions\/1926"}],"wp:featuredmedia":[{"embeddable":true,"href":"https:\/\/amareve.fr\/en_en\/wp-json\/wp\/v2\/media\/1694"}],"wp:attachment":[{"href":"https:\/\/amareve.fr\/en_en\/wp-json\/wp\/v2\/media?parent=1925"}],"wp:term":[{"taxonomy":"post_tag","embeddable":true,"href":"https:\/\/amareve.fr\/en_en\/wp-json\/wp\/v2\/tags?post=1925"},{"taxonomy":"tribe_events_cat","embeddable":true,"href":"https:\/\/amareve.fr\/en_en\/wp-json\/wp\/v2\/tribe_events_cat?post=1925"}],"curies":[{"name":"wp","href":"https:\/\/api.w.org\/{rel}","templated":true}]}}

<p>Entrains-sur-Nohain, Théâtre en jardin</p>
<p>Avec Olivier Balu, Isabelle Couloigner, Stéphane de Oliveira, Audrey Weissberg<br />
Création lumière Marilyn Étienne-Bon</p>

<p>Entrains-sur-Nohain, Théâtre en jardin Avec Olivier Balu, Isabelle Couloigner, Stéphane de Oliveira, Audrey Weissberg Création lumière Marilyn Étienne-Bon</p>

<!-- This site is optimized with the Yoast SEO plugin v27.5 - https://yoast.com/product/yoast-seo-wordpress/ -->
<title>Perlino Comment, Fabrice Melquiot - Compagnie Amarêve</title>
<meta name="robots" content="index, follow, max-snippet:-1, max-image-preview:large, max-video-preview:-1" />
<link rel="canonical" href="http://amareve.fr/en_en/event/perlino-comment-fabrice-melquiot-3/" />
<meta property="og:locale" content="en_US" />
<meta property="og:type" content="article" />
<meta property="og:title" content="Perlino Comment, Fabrice Melquiot - Compagnie Amarêve" />
<meta property="og:description" content="Entrains-sur-Nohain, Théâtre en jardin Avec Olivier Balu, Isabelle Couloigner, Stéphane de Oliveira, Audrey Weissberg Création lumière Marilyn Étienne-Bon" />
<meta property="og:url" content="http://amareve.fr/en_en/event/perlino-comment-fabrice-melquiot-3/" />
<meta property="og:site_name" content="Compagnie Amarêve" />
<meta property="article:publisher" content="https://www.facebook.com/CompagnieAmareve/" />
<meta property="og:image" content="http://amareve.fr/wp-content/uploads/2023/02/Flyer_Perlino_Entrains-scaled.jpg" />
	<meta property="og:image:width" content="1811" />
	<meta property="og:image:height" content="2560" />
	<meta property="og:image:type" content="image/jpeg" />
<meta name="twitter:card" content="summary_large_image" />
<meta name="twitter:label1" content="Est. reading time" />
	<meta name="twitter:data1" content="1 minute" />
<script type="application/ld+json" class="yoast-schema-graph">{"@context":"https:\/\/schema.org","@graph":[{"@type":"WebPage","@id":"http:\/\/amareve.fr\/event\/perlino-comment-fabrice-melquiot-3\/","url":"http:\/\/amareve.fr\/event\/perlino-comment-fabrice-melquiot-3\/","name":"Perlino Comment, Fabrice Melquiot - Compagnie Amarêve","isPartOf":{"@id":"http:\/\/amareve.fr\/#website"},"primaryImageOfPage":{"@id":"http:\/\/amareve.fr\/event\/perlino-comment-fabrice-melquiot-3\/#primaryimage"},"image":{"@id":"http:\/\/amareve.fr\/event\/perlino-comment-fabrice-melquiot-3\/#primaryimage"},"thumbnailUrl":"https:\/\/amareve.fr\/wp-content\/uploads\/2023\/02\/Flyer_Perlino_Entrains-scaled.jpg","datePublished":"2023-02-22T09:54:52+00:00","breadcrumb":{"@id":"http:\/\/amareve.fr\/event\/perlino-comment-fabrice-melquiot-3\/#breadcrumb"},"inLanguage":"en-US","potentialAction":[{"@type":"ReadAction","target":["http:\/\/amareve.fr\/event\/perlino-comment-fabrice-melquiot-3\/"]}]},{"@type":"ImageObject","inLanguage":"en-US","@id":"http:\/\/amareve.fr\/event\/perlino-comment-fabrice-melquiot-3\/#primaryimage","url":"https:\/\/amareve.fr\/wp-content\/uploads\/2023\/02\/Flyer_Perlino_Entrains-scaled.jpg","contentUrl":"https:\/\/amareve.fr\/wp-content\/uploads\/2023\/02\/Flyer_Perlino_Entrains-scaled.jpg","width":1811,"height":2560},{"@type":"BreadcrumbList","@id":"http:\/\/amareve.fr\/event\/perlino-comment-fabrice-melquiot-3\/#breadcrumb","itemListElement":[{"@type":"ListItem","position":1,"name":"Accueil","item":"http:\/\/amareve.fr\/"},{"@type":"ListItem","position":2,"name":"Évènements","item":"http:\/\/amareve.fr\/events\/"},{"@type":"ListItem","position":3,"name":"Perlino Comment, Fabrice Melquiot"}]},{"@type":"WebSite","@id":"http:\/\/amareve.fr\/#website","url":"http:\/\/amareve.fr\/","name":"Amareve","description":"","publisher":{"@id":"http:\/\/amareve.fr\/#organization"},"potentialAction":[{"@type":"SearchAction","target":{"@type":"EntryPoint","urlTemplate":"http:\/\/amareve.fr\/?s={search_term_string}"},"query-input":{"@type":"PropertyValueSpecification","valueRequired":true,"valueName":"search_term_string"}}],"inLanguage":"en-US"},{"@type":"Organization","@id":"http:\/\/amareve.fr\/#organization","name":"Compagnie Amareve","url":"http:\/\/amareve.fr\/","logo":{"@type":"ImageObject","inLanguage":"en-US","@id":"http:\/\/amareve.fr\/#\/schema\/logo\/image\/","url":"http:\/\/amareve.fr\/wp-content\/uploads\/2019\/04\/AMAREVE-LOGO.jpg","contentUrl":"http:\/\/amareve.fr\/wp-content\/uploads\/2019\/04\/AMAREVE-LOGO.jpg","width":404,"height":367,"caption":"Compagnie Amareve"},"image":{"@id":"http:\/\/amareve.fr\/#\/schema\/logo\/image\/"},"sameAs":["https:\/\/www.facebook.com\/CompagnieAmareve\/"]}]}</script>
<!-- / Yoast SEO plugin. -->

Perlino Comment, Fabrice Melquiot - Compagnie Amarêve

Entrains-sur-Nohain, Théâtre en jardin Avec Olivier Balu, Isabelle Couloigner, Stéphane de Oliveira, Audrey Weissberg Création lumière Marilyn Étienne-Bon

Compagnie Amarêve

Évènements
