{"id":2252,"date":"2023-12-07T16:14:14","date_gmt":"2023-12-07T16:14:14","guid":{"rendered":"http:\/\/amareve.fr\/?post_type=tribe_events&#038;p=2252"},"modified":"2023-12-07T16:20:37","modified_gmt":"2023-12-07T16:20:37","slug":"ateliers-decriture-theatral-revendications-3","status":"publish","type":"tribe_events","link":"https:\/\/amareve.fr\/en_en\/event\/ateliers-decriture-theatral-revendications-3\/","title":{"rendered":"Ateliers d&#8217;\u00e9criture th\u00e9\u00e2tral &#8220;Revendications&#8221;"},"content":{"rendered":"<p>Coll\u00e8ge Jean-Roch-Coignet de Courson-les-Carri\u00e8res &#8211; Avec Chemins d&#8217;Avenir<\/p>","protected":false},"excerpt":{"rendered":"<p>Coll\u00e8ge Jean-Roch-Coignet de Courson-les-Carri\u00e8res &#8211; Avec Chemins d&#8217;Avenir<\/p>","protected":false},"author":1,"featured_media":0,"template":"","meta":{"_tribe_events_status":"","_tribe_events_status_reason":"","footnotes":""},"tags":[],"tribe_events_cat":[53],"class_list":["post-2252","tribe_events","type-tribe_events","status-publish","hentry","tribe_events_cat-eac","cat_eac"],"yoast_head":"<!-- This site is optimized with the Yoast SEO plugin v27.5 - https:\/\/yoast.com\/product\/yoast-seo-wordpress\/ -->\n<title>Ateliers d&#039;\u00e9criture th\u00e9\u00e2tral &quot;Revendications&quot; - Compagnie Amar\u00eave<\/title>\n<meta name=\"robots\" content=\"index, follow, max-snippet:-1, max-image-preview:large, max-video-preview:-1\" \/>\n<link rel=\"canonical\" href=\"http:\/\/amareve.fr\/en_en\/event\/ateliers-decriture-theatral-revendications-3\/\" \/>\n<meta property=\"og:locale\" content=\"en_US\" \/>\n<meta property=\"og:type\" content=\"article\" \/>\n<meta property=\"og:title\" content=\"Ateliers d&#039;\u00e9criture th\u00e9\u00e2tral &quot;Revendications&quot; - Compagnie Amar\u00eave\" \/>\n<meta property=\"og:description\" content=\"Coll\u00e8ge Jean-Roch-Coignet de Courson-les-Carri\u00e8res &#8211; Avec Chemins d&#8217;Avenir\" \/>\n<meta property=\"og:url\" content=\"http:\/\/amareve.fr\/en_en\/event\/ateliers-decriture-theatral-revendications-3\/\" \/>\n<meta property=\"og:site_name\" content=\"Compagnie Amar\u00eave\" \/>\n<meta property=\"article:publisher\" content=\"https:\/\/www.facebook.com\/CompagnieAmareve\/\" \/>\n<meta property=\"article:modified_time\" content=\"2023-12-07T16:20:37+00:00\" \/>\n<meta property=\"og:image\" content=\"https:\/\/amareve.fr\/wp-content\/uploads\/2019\/04\/AMAREVE-LOGO.jpg\" \/>\n\t<meta property=\"og:image:width\" content=\"404\" \/>\n\t<meta property=\"og:image:height\" content=\"367\" \/>\n\t<meta property=\"og:image:type\" content=\"image\/jpeg\" \/>\n<meta name=\"twitter:card\" content=\"summary_large_image\" \/>\n<meta name=\"twitter:label1\" content=\"Est. reading time\" \/>\n\t<meta name=\"twitter:data1\" content=\"1 minute\" \/>\n<script type=\"application\/ld+json\" class=\"yoast-schema-graph\">{\"@context\":\"https:\\\/\\\/schema.org\",\"@graph\":[{\"@type\":\"WebPage\",\"@id\":\"http:\\\/\\\/amareve.fr\\\/event\\\/ateliers-decriture-theatral-revendications-3\\\/\",\"url\":\"http:\\\/\\\/amareve.fr\\\/event\\\/ateliers-decriture-theatral-revendications-3\\\/\",\"name\":\"Ateliers d'\u00e9criture th\u00e9\u00e2tral \\\"Revendications\\\" - Compagnie Amar\u00eave\",\"isPartOf\":{\"@id\":\"https:\\\/\\\/amareve.fr\\\/en_en\\\/#website\"},\"datePublished\":\"2023-12-07T16:14:14+00:00\",\"dateModified\":\"2023-12-07T16:20:37+00:00\",\"breadcrumb\":{\"@id\":\"http:\\\/\\\/amareve.fr\\\/event\\\/ateliers-decriture-theatral-revendications-3\\\/#breadcrumb\"},\"inLanguage\":\"en-US\",\"potentialAction\":[{\"@type\":\"ReadAction\",\"target\":[\"http:\\\/\\\/amareve.fr\\\/event\\\/ateliers-decriture-theatral-revendications-3\\\/\"]}]},{\"@type\":\"BreadcrumbList\",\"@id\":\"http:\\\/\\\/amareve.fr\\\/event\\\/ateliers-decriture-theatral-revendications-3\\\/#breadcrumb\",\"itemListElement\":[{\"@type\":\"ListItem\",\"position\":1,\"name\":\"Accueil\",\"item\":\"https:\\\/\\\/amareve.fr\\\/en_en\\\/\"},{\"@type\":\"ListItem\",\"position\":2,\"name\":\"\u00c9v\u00e8nements\",\"item\":\"https:\\\/\\\/amareve.fr\\\/events\\\/\"},{\"@type\":\"ListItem\",\"position\":3,\"name\":\"Ateliers d&#8217;\u00e9criture th\u00e9\u00e2tral &#8220;Revendications&#8221;\"}]},{\"@type\":\"WebSite\",\"@id\":\"https:\\\/\\\/amareve.fr\\\/en_en\\\/#website\",\"url\":\"https:\\\/\\\/amareve.fr\\\/en_en\\\/\",\"name\":\"Amareve\",\"description\":\"\",\"publisher\":{\"@id\":\"https:\\\/\\\/amareve.fr\\\/en_en\\\/#organization\"},\"potentialAction\":[{\"@type\":\"SearchAction\",\"target\":{\"@type\":\"EntryPoint\",\"urlTemplate\":\"https:\\\/\\\/amareve.fr\\\/en_en\\\/?s={search_term_string}\"},\"query-input\":{\"@type\":\"PropertyValueSpecification\",\"valueRequired\":true,\"valueName\":\"search_term_string\"}}],\"inLanguage\":\"en-US\"},{\"@type\":\"Organization\",\"@id\":\"https:\\\/\\\/amareve.fr\\\/en_en\\\/#organization\",\"name\":\"Compagnie Amareve\",\"url\":\"https:\\\/\\\/amareve.fr\\\/en_en\\\/\",\"logo\":{\"@type\":\"ImageObject\",\"inLanguage\":\"en-US\",\"@id\":\"https:\\\/\\\/amareve.fr\\\/en_en\\\/#\\\/schema\\\/logo\\\/image\\\/\",\"url\":\"http:\\\/\\\/amareve.fr\\\/wp-content\\\/uploads\\\/2019\\\/04\\\/AMAREVE-LOGO.jpg\",\"contentUrl\":\"http:\\\/\\\/amareve.fr\\\/wp-content\\\/uploads\\\/2019\\\/04\\\/AMAREVE-LOGO.jpg\",\"width\":404,\"height\":367,\"caption\":\"Compagnie Amareve\"},\"image\":{\"@id\":\"https:\\\/\\\/amareve.fr\\\/en_en\\\/#\\\/schema\\\/logo\\\/image\\\/\"},\"sameAs\":[\"https:\\\/\\\/www.facebook.com\\\/CompagnieAmareve\\\/\"]}]}<\/script>\n<!-- \/ Yoast SEO plugin. -->","yoast_head_json":{"title":"Ateliers d'\u00e9criture th\u00e9\u00e2tral \"Revendications\" - Compagnie Amar\u00eave","robots":{"index":"index","follow":"follow","max-snippet":"max-snippet:-1","max-image-preview":"max-image-preview:large","max-video-preview":"max-video-preview:-1"},"canonical":"http:\/\/amareve.fr\/en_en\/event\/ateliers-decriture-theatral-revendications-3\/","og_locale":"en_US","og_type":"article","og_title":"Ateliers d'\u00e9criture th\u00e9\u00e2tral \"Revendications\" - Compagnie Amar\u00eave","og_description":"Coll\u00e8ge Jean-Roch-Coignet de Courson-les-Carri\u00e8res &#8211; Avec Chemins d&#8217;Avenir","og_url":"http:\/\/amareve.fr\/en_en\/event\/ateliers-decriture-theatral-revendications-3\/","og_site_name":"Compagnie Amar\u00eave","article_publisher":"https:\/\/www.facebook.com\/CompagnieAmareve\/","article_modified_time":"2023-12-07T16:20:37+00:00","og_image":[{"width":404,"height":367,"url":"https:\/\/amareve.fr\/wp-content\/uploads\/2019\/04\/AMAREVE-LOGO.jpg","type":"image\/jpeg"}],"twitter_card":"summary_large_image","twitter_misc":{"Est. reading time":"1 minute"},"schema":{"@context":"https:\/\/schema.org","@graph":[{"@type":"WebPage","@id":"http:\/\/amareve.fr\/event\/ateliers-decriture-theatral-revendications-3\/","url":"http:\/\/amareve.fr\/event\/ateliers-decriture-theatral-revendications-3\/","name":"Ateliers d'\u00e9criture th\u00e9\u00e2tral \"Revendications\" - Compagnie Amar\u00eave","isPartOf":{"@id":"https:\/\/amareve.fr\/en_en\/#website"},"datePublished":"2023-12-07T16:14:14+00:00","dateModified":"2023-12-07T16:20:37+00:00","breadcrumb":{"@id":"http:\/\/amareve.fr\/event\/ateliers-decriture-theatral-revendications-3\/#breadcrumb"},"inLanguage":"en-US","potentialAction":[{"@type":"ReadAction","target":["http:\/\/amareve.fr\/event\/ateliers-decriture-theatral-revendications-3\/"]}]},{"@type":"BreadcrumbList","@id":"http:\/\/amareve.fr\/event\/ateliers-decriture-theatral-revendications-3\/#breadcrumb","itemListElement":[{"@type":"ListItem","position":1,"name":"Accueil","item":"https:\/\/amareve.fr\/en_en\/"},{"@type":"ListItem","position":2,"name":"\u00c9v\u00e8nements","item":"https:\/\/amareve.fr\/events\/"},{"@type":"ListItem","position":3,"name":"Ateliers d&#8217;\u00e9criture th\u00e9\u00e2tral &#8220;Revendications&#8221;"}]},{"@type":"WebSite","@id":"https:\/\/amareve.fr\/en_en\/#website","url":"https:\/\/amareve.fr\/en_en\/","name":"Amareve","description":"","publisher":{"@id":"https:\/\/amareve.fr\/en_en\/#organization"},"potentialAction":[{"@type":"SearchAction","target":{"@type":"EntryPoint","urlTemplate":"https:\/\/amareve.fr\/en_en\/?s={search_term_string}"},"query-input":{"@type":"PropertyValueSpecification","valueRequired":true,"valueName":"search_term_string"}}],"inLanguage":"en-US"},{"@type":"Organization","@id":"https:\/\/amareve.fr\/en_en\/#organization","name":"Compagnie Amareve","url":"https:\/\/amareve.fr\/en_en\/","logo":{"@type":"ImageObject","inLanguage":"en-US","@id":"https:\/\/amareve.fr\/en_en\/#\/schema\/logo\/image\/","url":"http:\/\/amareve.fr\/wp-content\/uploads\/2019\/04\/AMAREVE-LOGO.jpg","contentUrl":"http:\/\/amareve.fr\/wp-content\/uploads\/2019\/04\/AMAREVE-LOGO.jpg","width":404,"height":367,"caption":"Compagnie Amareve"},"image":{"@id":"https:\/\/amareve.fr\/en_en\/#\/schema\/logo\/image\/"},"sameAs":["https:\/\/www.facebook.com\/CompagnieAmareve\/"]}]}},"_links":{"self":[{"href":"https:\/\/amareve.fr\/en_en\/wp-json\/wp\/v2\/tribe_events\/2252","targetHints":{"allow":["GET"]}}],"collection":[{"href":"https:\/\/amareve.fr\/en_en\/wp-json\/wp\/v2\/tribe_events"}],"about":[{"href":"https:\/\/amareve.fr\/en_en\/wp-json\/wp\/v2\/types\/tribe_events"}],"author":[{"embeddable":true,"href":"https:\/\/amareve.fr\/en_en\/wp-json\/wp\/v2\/users\/1"}],"version-history":[{"count":3,"href":"https:\/\/amareve.fr\/en_en\/wp-json\/wp\/v2\/tribe_events\/2252\/revisions"}],"predecessor-version":[{"id":2283,"href":"https:\/\/amareve.fr\/en_en\/wp-json\/wp\/v2\/tribe_events\/2252\/revisions\/2283"}],"wp:attachment":[{"href":"https:\/\/amareve.fr\/en_en\/wp-json\/wp\/v2\/media?parent=2252"}],"wp:term":[{"taxonomy":"post_tag","embeddable":true,"href":"https:\/\/amareve.fr\/en_en\/wp-json\/wp\/v2\/tags?post=2252"},{"taxonomy":"tribe_events_cat","embeddable":true,"href":"https:\/\/amareve.fr\/en_en\/wp-json\/wp\/v2\/tribe_events_cat?post=2252"}],"curies":[{"name":"wp","href":"https:\/\/api.w.org\/{rel}","templated":true}]}}

Ateliers d&#8217;écriture théâtral &#8220;Revendications&#8221;

<p>Collège Jean-Roch-Coignet de Courson-les-Carrières &#8211; Avec Chemins d&#8217;Avenir</p>

<!-- This site is optimized with the Yoast SEO plugin v27.5 - https://yoast.com/product/yoast-seo-wordpress/ -->
<title>Ateliers d&#039;écriture théâtral &quot;Revendications&quot; - Compagnie Amarêve</title>
<meta name="robots" content="index, follow, max-snippet:-1, max-image-preview:large, max-video-preview:-1" />
<link rel="canonical" href="http://amareve.fr/en_en/event/ateliers-decriture-theatral-revendications-3/" />
<meta property="og:locale" content="en_US" />
<meta property="og:type" content="article" />
<meta property="og:title" content="Ateliers d&#039;écriture théâtral &quot;Revendications&quot; - Compagnie Amarêve" />
<meta property="og:description" content="Collège Jean-Roch-Coignet de Courson-les-Carrières &#8211; Avec Chemins d&#8217;Avenir" />
<meta property="og:url" content="http://amareve.fr/en_en/event/ateliers-decriture-theatral-revendications-3/" />
<meta property="og:site_name" content="Compagnie Amarêve" />
<meta property="article:publisher" content="https://www.facebook.com/CompagnieAmareve/" />
<meta property="article:modified_time" content="2023-12-07T16:20:37+00:00" />
<meta property="og:image" content="https://amareve.fr/wp-content/uploads/2019/04/AMAREVE-LOGO.jpg" />
	<meta property="og:image:width" content="404" />
	<meta property="og:image:height" content="367" />
	<meta property="og:image:type" content="image/jpeg" />
<meta name="twitter:card" content="summary_large_image" />
<meta name="twitter:label1" content="Est. reading time" />
	<meta name="twitter:data1" content="1 minute" />
<script type="application/ld+json" class="yoast-schema-graph">{"@context":"https:\/\/schema.org","@graph":[{"@type":"WebPage","@id":"http:\/\/amareve.fr\/event\/ateliers-decriture-theatral-revendications-3\/","url":"http:\/\/amareve.fr\/event\/ateliers-decriture-theatral-revendications-3\/","name":"Ateliers d'écriture théâtral \"Revendications\" - Compagnie Amarêve","isPartOf":{"@id":"https:\/\/amareve.fr\/en_en\/#website"},"datePublished":"2023-12-07T16:14:14+00:00","dateModified":"2023-12-07T16:20:37+00:00","breadcrumb":{"@id":"http:\/\/amareve.fr\/event\/ateliers-decriture-theatral-revendications-3\/#breadcrumb"},"inLanguage":"en-US","potentialAction":[{"@type":"ReadAction","target":["http:\/\/amareve.fr\/event\/ateliers-decriture-theatral-revendications-3\/"]}]},{"@type":"BreadcrumbList","@id":"http:\/\/amareve.fr\/event\/ateliers-decriture-theatral-revendications-3\/#breadcrumb","itemListElement":[{"@type":"ListItem","position":1,"name":"Accueil","item":"https:\/\/amareve.fr\/en_en\/"},{"@type":"ListItem","position":2,"name":"Évènements","item":"https:\/\/amareve.fr\/events\/"},{"@type":"ListItem","position":3,"name":"Ateliers d&#8217;écriture théâtral &#8220;Revendications&#8221;"}]},{"@type":"WebSite","@id":"https:\/\/amareve.fr\/en_en\/#website","url":"https:\/\/amareve.fr\/en_en\/","name":"Amareve","description":"","publisher":{"@id":"https:\/\/amareve.fr\/en_en\/#organization"},"potentialAction":[{"@type":"SearchAction","target":{"@type":"EntryPoint","urlTemplate":"https:\/\/amareve.fr\/en_en\/?s={search_term_string}"},"query-input":{"@type":"PropertyValueSpecification","valueRequired":true,"valueName":"search_term_string"}}],"inLanguage":"en-US"},{"@type":"Organization","@id":"https:\/\/amareve.fr\/en_en\/#organization","name":"Compagnie Amareve","url":"https:\/\/amareve.fr\/en_en\/","logo":{"@type":"ImageObject","inLanguage":"en-US","@id":"https:\/\/amareve.fr\/en_en\/#\/schema\/logo\/image\/","url":"http:\/\/amareve.fr\/wp-content\/uploads\/2019\/04\/AMAREVE-LOGO.jpg","contentUrl":"http:\/\/amareve.fr\/wp-content\/uploads\/2019\/04\/AMAREVE-LOGO.jpg","width":404,"height":367,"caption":"Compagnie Amareve"},"image":{"@id":"https:\/\/amareve.fr\/en_en\/#\/schema\/logo\/image\/"},"sameAs":["https:\/\/www.facebook.com\/CompagnieAmareve\/"]}]}</script>
<!-- / Yoast SEO plugin. -->

Ateliers d'écriture théâtral "Revendications" - Compagnie Amarêve

Collège Jean-Roch-Coignet de Courson-les-Carrières &#8211; Avec Chemins d&#8217;Avenir

Compagnie Amarêve

Évènements
